{"id":4739,"date":"2022-02-11T19:09:49","date_gmt":"2022-02-11T22:09:49","guid":{"rendered":"https:\/\/formacaoemmovimento.org.br\/?page_id=4739"},"modified":"2025-06-17T16:44:44","modified_gmt":"2025-06-17T19:44:44","slug":"seminario-nacional-de-formacao-a-conjuntura-e-os-desafios-para-a-classe-trabalhadora","status":"publish","type":"page","link":"https:\/\/formacaoemmovimento.org.br\/?page_id=4739","title":{"rendered":"Semin\u00e1rio Nacional de Forma\u00e7\u00e3o \u201cA Conjuntura e os Desafios para a classe trabalhadora\u201d"},"content":{"rendered":"\n<div class=\"alignfull wp-block-ugb-text ugb-text ugb-491e63f ugb-text--design-plain ugb-text--columns-1 ugb-main-block ugb-main-block--inner-center ugb--has-block-background\"><style>.ugb-491e63f .ugb-text__title{color:var(--theme-palette-color-1,#d80909);text-align:left}.ugb-491e63f .ugb-text__text p{font-family:\"Roboto\",Sans-serif !important;font-size:35px !important;font-weight:700 !important;color:var(--theme-palette-color-1,#d80909)}.ugb-491e63f .ugb-inner-block{text-align:left}.ugb-491e63f.ugb-text{background-color:var(--theme-palette-color-8,#ffffff)}.ugb-491e63f.ugb-text:before{background-color:var(--theme-palette-color-8,#ffffff)}@media screen and (min-width:768px){.ugb-491e63f.ugb-text{padding-top:0px !important;padding-right:35px !important;padding-bottom:26px !important;padding-left:35px !important}}@media screen and (max-width:768px){.ugb-491e63f .ugb-text__text p{font-size:20px !important}}<\/style><div class=\"ugb-inner-block ugb-inner-block--center\"><div class=\"ugb-block-content\"><div class=\"ugb-text__title-wrapper\"><h2 class=\"ugb-text__title\">Semin\u00e1rio Nacional de Forma\u00e7\u00e3o \u201cA Conjuntura e os Desafios para a classe trabalhadora\u201d<\/h2><\/div><div class=\"ugb-text__text-wrapper\"><div class=\"ugb-text__text\"><p class=\"ugb-text__text-1\"><\/p><\/div><\/div><\/div><\/div><\/div>\n\n\n\n<div class=\"wp-block-ugb-expand ugb-expand ugb-2670207 ugb-expand--v2 ugb-main-block\" aria-expanded=\"false\"><style>.ugb-2670207 .ugb-expand__less-text p,.ugb-2670207 .ugb-expand__more-text p{font-size:18px !important}<\/style><div class=\"ugb-inner-block\"><div class=\"ugb-block-content\"><h4 class=\"ugb-expand__title\">Apresenta\u00e7\u00e3o<\/h4><div class=\"ugb-expand__less-text\"><p>Aconteceu no in\u00edcio de 2022 o <strong>Semin\u00e1rio Nacional de Forma\u00e7\u00e3o \u201cA Conjuntura e os Desafios para a classe trabalhadora\u201d<\/strong>. O semin\u00e1rio foi realizado de modo virtual e dirigido \u00e0 <em>milit\u00e2ncia do campo popular<\/em> brasileiro, com o objetivo de estudar sobre alguns temas estruturais e conjunturais necess\u00e1rios para a compreens\u00e3o da luta de classe diante do avan\u00e7o acelerado do modo de produ\u00e7\u00e3o capitalista e quais os desafios para a classe trabalhadora.<\/p><\/div><div class=\"ugb-expand__more-text\" style=\"display:none\"><p><\/p><\/div><div class=\"ugb-expand__toggle-wrapper\"><a class=\"ugb-expand__toggle\" href=\"#\"><span class=\"ugb-expand__more-toggle-text\">Mostrar mais <br><\/span><span class=\"ugb-expand__less-toggle-text\" style=\"display:none\">Mostrar menos<\/span><\/a><\/div><\/div><\/div><\/div>\n\n\n\n<div class=\"wp-block-ugb-blog-posts ugb-blog-posts ugb-2898406 ugb-blog-posts--v2 ugb-blog-posts--design-basic ugb-blog-posts--columns-1 ugb-main-block\"><style>.ugb-2898406 .ugb-blog-posts__featured-image{border-radius:0px !important}.ugb-2898406 .ugb-blog-posts__title a{color:var(--theme-palette-color-3,#915656) !important}.ugb-2898406 .ugb-blog-posts__title a:hover{color:var(--theme-palette-color-1,#d80909) !important}.ugb-2898406 .ugb-blog-posts__title{margin-bottom:-50px !important}.ugb-2898406 .ugb-inner-block{text-align:left}.ugb-2898406 .ugb-block-title{font-family:\"Anton\",Sans-serif !important;font-weight:700 !important;color:var(--theme-palette-color-1,#d80909);margin-bottom:13px !important}@media screen and (min-width:768px){.ugb-2898406.ugb-blog-posts{padding-bottom:35px !important}}@media screen and (min-width:768px){.ugb-2898406 > .ugb-inner-block > .ugb-block-content > *{padding-top:0px !important;padding-bottom:0px !important;padding-right:0px !important;padding-left:0px !important}}<\/style><div class=\"ugb-inner-block\"><h3 class=\"ugb-block-title\">Mesas<br><\/h3><div class=\"ugb-block-content\"><\/div><\/div><\/div>\n\n\n\n<div class=\"alignfull wp-block-ugb-text ugb-text ugb-21b36a0 ugb-text--design-plain ugb-text--columns-1 ugb-main-block ugb-main-block--inner-center ugb--has-block-background\"><style>.ugb-21b36a0 .ugb-text__title{color:var(--theme-palette-color-1,#d80909);font-size:22px !important;text-align:left}.ugb-21b36a0 .ugb-text__text p{font-family:\"Roboto\",Sans-serif !important;font-size:35px !important;font-weight:700 !important;color:var(--theme-palette-color-1,#d80909)}.ugb-21b36a0 .ugb-inner-block{text-align:left}.ugb-21b36a0.ugb-text{background-color:var(--theme-palette-color-8,#ffffff)}.ugb-21b36a0.ugb-text:before{background-color:var(--theme-palette-color-8,#ffffff)}@media screen and (min-width:768px){.ugb-21b36a0.ugb-text{padding-top:0px !important;padding-right:35px !important;padding-bottom:26px !important;padding-left:35px !important}}@media screen and (max-width:768px){.ugb-21b36a0 .ugb-text__text p{font-size:20px !important}}<\/style><div class=\"ugb-inner-block ugb-inner-block--center\"><div class=\"ugb-block-content\"><div class=\"ugb-text__title-wrapper\"><h2 class=\"ugb-text__title\"><br>Material de apoio<\/h2><\/div><div class=\"ugb-text__text-wrapper\"><div class=\"ugb-text__text\"><p class=\"ugb-text__text-1\"><\/p><\/div><\/div><\/div><\/div><\/div>\n\n\n\n<div class=\"wp-block-columns is-layout-flex wp-container-core-columns-is-layout-28f84493 wp-block-columns-is-layout-flex\">\n<div class=\"wp-block-column is-layout-flow wp-block-column-is-layout-flow\" style=\"flex-basis:33.33%\">\n<div class=\"wp-block-stackable-icon-label stk-block-icon-label stk-block stk-9078986\" data-block-id=\"9078986\"><div class=\"stk-row stk-inner-blocks stk-block-content\">\n<div class=\"wp-block-stackable-icon stk-block-icon has-text-align-left stk-block stk-183865b\" data-block-id=\"183865b\"><span class=\"stk--svg-wrapper\"><div class=\"stk--inner-svg\"><svg style=\"height:0;width:0\"><defs><linearGradient id=\"linear-gradient-183865b\" x1=\"0\" x2=\"100%\" y1=\"0\" y2=\"0\"><stop offset=\"0%\" style=\"stop-opacity:1;stop-color:var(--linear-gradient-183865-b-color-1)\"><\/stop><stop offset=\"100%\" style=\"stop-opacity:1;stop-color:var(--linear-gradient-183865-b-color-2)\"><\/stop><\/linearGradient><\/defs><\/svg><svg aria-hidden=\"true\" focusable=\"false\" data-prefix=\"far\" data-icon=\"file-alt\" class=\"svg-inline--fa fa-file-alt fa-w-12\" xmlns=\"http:\/\/www.w3.org\/2000\/svg\" viewBox=\"0 0 384 512\" width=\"32\" height=\"32\"><path fill=\"currentColor\" d=\"M288 248v28c0 6.6-5.4 12-12 12H108c-6.6 0-12-5.4-12-12v-28c0-6.6 5.4-12 12-12h168c6.6 0 12 5.4 12 12zm-12 72H108c-6.6 0-12 5.4-12 12v28c0 6.6 5.4 12 12 12h168c6.6 0 12-5.4 12-12v-28c0-6.6-5.4-12-12-12zm108-188.1V464c0 26.5-21.5 48-48 48H48c-26.5 0-48-21.5-48-48V48C0 21.5 21.5 0 48 0h204.1C264.8 0 277 5.1 286 14.1L369.9 98c9 8.9 14.1 21.2 14.1 33.9zm-128-80V128h76.1L256 51.9zM336 464V176H232c-13.3 0-24-10.7-24-24V48H48v416h288z\"><\/path><\/svg><\/div><\/span><\/div>\n\n\n\n<div class=\"wp-block-stackable-heading stk-block-heading stk-block-heading--v2 stk-block stk-cd62f98\" id=\"strong-a-href-https-drive-google-com-file-d-1-xf-fc-jd-c-6-bx-i-39-lg-rub-4-i-w-7-io-py-3-sf-view-usp-sharing-caderno-de-formacao-n-56-subsidios-para-estudo-da-conjuntura-2022-a-strong\" data-block-id=\"cd62f98\"><h4 class=\"stk-block-heading__text stk-block-heading--use-theme-margins\"><strong><a href=\"https:\/\/drive.google.com\/file\/d\/1XfFcJdC6Bx_i39LGRub4iW_7IO_PY3sf\/view?usp=sharing\">Caderno de forma\u00e7\u00e3o n\u00ba56 &#8211; Subs\u00eddios para estudo da Conjuntura 2022<\/a><\/strong><\/h4><\/div>\n<\/div><\/div>\n\n\n\n<figure class=\"wp-block-image alignleft size-full is-resized is-style-default\"><a href=\"https:\/\/drive.google.com\/file\/d\/1XfFcJdC6Bx_i39LGRub4iW_7IO_PY3sf\/view?usp=sharing\"><img loading=\"lazy\" decoding=\"async\" width=\"600\" height=\"856\" src=\"https:\/\/formacaoemmovimento.org.br\/wp-content\/uploads\/2022\/02\/cartilha-56.jpg\" alt=\"\" class=\"wp-image-4764\" style=\"width:265px;height:377px\" srcset=\"https:\/\/formacaoemmovimento.org.br\/wp-content\/uploads\/2022\/02\/cartilha-56.jpg 600w, https:\/\/formacaoemmovimento.org.br\/wp-content\/uploads\/2022\/02\/cartilha-56-210x300.jpg 210w\" sizes=\"auto, (max-width: 600px) 100vw, 600px\" \/><\/a><\/figure>\n<\/div>\n<\/div>\n","protected":false},"excerpt":{"rendered":"<p>Aconteceu no in\u00edcio de 2022 o Semin\u00e1rio Nacional de Forma\u00e7\u00e3o \u201cA Conjuntura e os Desafios para a classe trabalhadora\u201d. O semin\u00e1rio foi realizado de modo virtual e dirigido \u00e0 milit\u00e2ncia do campo popular brasileiro, com o objetivo de estudar sobre alguns temas estruturais e conjunturais necess\u00e1rios para a compreens\u00e3o da luta de classe diante do avan\u00e7o acelerado do modo de produ\u00e7\u00e3o capitalista e quais os desafios para a classe trabalhadora.<\/p>\n","protected":false},"author":4,"featured_media":4775,"parent":1143,"menu_order":0,"comment_status":"closed","ping_status":"closed","template":"","meta":{"footnotes":""},"class_list":["post-4739","page","type-page","status-publish","has-post-thumbnail","hentry"],"blocksy_meta":{"styles_descriptor":{"styles":{"desktop":"","tablet":"","mobile":""},"google_fonts":[],"version":6}},"featured_image_urls_v2":{"full":["https:\/\/formacaoemmovimento.org.br\/wp-content\/uploads\/2022\/02\/capa-seminario-final-1.png",1290,300,false],"thumbnail":["https:\/\/formacaoemmovimento.org.br\/wp-content\/uploads\/2022\/02\/capa-seminario-final-1-150x150.png",150,150,true],"medium":["https:\/\/formacaoemmovimento.org.br\/wp-content\/uploads\/2022\/02\/capa-seminario-final-1-300x70.png",300,70,true],"medium_large":["https:\/\/formacaoemmovimento.org.br\/wp-content\/uploads\/2022\/02\/capa-seminario-final-1-768x179.png",768,179,true],"large":["https:\/\/formacaoemmovimento.org.br\/wp-content\/uploads\/2022\/02\/capa-seminario-final-1-1024x238.png",1024,238,true],"1536x1536":["https:\/\/formacaoemmovimento.org.br\/wp-content\/uploads\/2022\/02\/capa-seminario-final-1.png",1290,300,false],"2048x2048":["https:\/\/formacaoemmovimento.org.br\/wp-content\/uploads\/2022\/02\/capa-seminario-final-1.png",1290,300,false]},"post_excerpt_stackable_v2":"<p>Aconteceu no in\u00edcio de 2022 o Semin\u00e1rio Nacional de Forma\u00e7\u00e3o \u201cA Conjuntura e os Desafios para a classe trabalhadora\u201d. O semin\u00e1rio foi realizado de modo virtual e dirigido \u00e0 milit\u00e2ncia do campo popular brasileiro, com o objetivo de estudar sobre alguns temas estruturais e conjunturais necess\u00e1rios para a compreens\u00e3o da luta de classe diante do avan\u00e7o acelerado do modo de produ\u00e7\u00e3o capitalista e quais os desafios para a classe trabalhadora.<\/p>\n","category_list_v2":"","author_info_v2":{"name":"Carol Cruz","url":"https:\/\/formacaoemmovimento.org.br\/?author=4"},"comments_num_v2":"0 coment\u00e1rio","_links":{"self":[{"href":"https:\/\/formacaoemmovimento.org.br\/index.php?rest_route=\/wp\/v2\/pages\/4739","targetHints":{"allow":["GET"]}}],"collection":[{"href":"https:\/\/formacaoemmovimento.org.br\/index.php?rest_route=\/wp\/v2\/pages"}],"about":[{"href":"https:\/\/formacaoemmovimento.org.br\/index.php?rest_route=\/wp\/v2\/types\/page"}],"author":[{"embeddable":true,"href":"https:\/\/formacaoemmovimento.org.br\/index.php?rest_route=\/wp\/v2\/users\/4"}],"replies":[{"embeddable":true,"href":"https:\/\/formacaoemmovimento.org.br\/index.php?rest_route=%2Fwp%2Fv2%2Fcomments&post=4739"}],"version-history":[{"count":10,"href":"https:\/\/formacaoemmovimento.org.br\/index.php?rest_route=\/wp\/v2\/pages\/4739\/revisions"}],"predecessor-version":[{"id":5814,"href":"https:\/\/formacaoemmovimento.org.br\/index.php?rest_route=\/wp\/v2\/pages\/4739\/revisions\/5814"}],"up":[{"embeddable":true,"href":"https:\/\/formacaoemmovimento.org.br\/index.php?rest_route=\/wp\/v2\/pages\/1143"}],"wp:featuredmedia":[{"embeddable":true,"href":"https:\/\/formacaoemmovimento.org.br\/index.php?rest_route=\/wp\/v2\/media\/4775"}],"wp:attachment":[{"href":"https:\/\/formacaoemmovimento.org.br\/index.php?rest_route=%2Fwp%2Fv2%2Fmedia&parent=4739"}],"curies":[{"name":"wp","href":"https:\/\/api.w.org\/{rel}","templated":true}]}}

Seminário Nacional de Formação “A Conjuntura e os Desafios para a classe trabalhadora”

<div class="alignfull wp-block-ugb-text ugb-text ugb-491e63f ugb-text--design-plain ugb-text--columns-1 ugb-main-block ugb-main-block--inner-center ugb--has-block-background"><style>.ugb-491e63f .ugb-text__title{color:var(--theme-palette-color-1,#d80909);text-align:left}.ugb-491e63f .ugb-text__text p{font-family:"Roboto",Sans-serif !important;font-size:35px !important;font-weight:700 !important;color:var(--theme-palette-color-1,#d80909)}.ugb-491e63f .ugb-inner-block{text-align:left}.ugb-491e63f.ugb-text{background-color:var(--theme-palette-color-8,#ffffff)}.ugb-491e63f.ugb-text:before{background-color:var(--theme-palette-color-8,#ffffff)}@media screen and (min-width:768px){.ugb-491e63f.ugb-text{padding-top:0px !important;padding-right:35px !important;padding-bottom:26px !important;padding-left:35px !important}}@media screen and (max-width:768px){.ugb-491e63f .ugb-text__text p{font-size:20px !important}}</style><div class="ugb-inner-block ugb-inner-block--center"><div class="ugb-block-content"><div class="ugb-text__title-wrapper"><h2 class="ugb-text__title">Seminário Nacional de Formação “A Conjuntura e os Desafios para a classe trabalhadora”</h2></div><div class="ugb-text__text-wrapper"><div class="ugb-text__text"><p class="ugb-text__text-1"></p></div></div></div></div></div>



<div class="wp-block-ugb-expand ugb-expand ugb-2670207 ugb-expand--v2 ugb-main-block" aria-expanded="false"><style>.ugb-2670207 .ugb-expand__less-text p,.ugb-2670207 .ugb-expand__more-text p{font-size:18px !important}</style><div class="ugb-inner-block"><div class="ugb-block-content"><h4 class="ugb-expand__title">Apresentação</h4><div class="ugb-expand__less-text"><p>Aconteceu no início de 2022 o <strong>Seminário Nacional de Formação “A Conjuntura e os Desafios para a classe trabalhadora”</strong>. O seminário foi realizado de modo virtual e dirigido à <em>militância do campo popular</em> brasileiro, com o objetivo de estudar sobre alguns temas estruturais e conjunturais necessários para a compreensão da luta de classe diante do avanço acelerado do modo de produção capitalista e quais os desafios para a classe trabalhadora.</p></div><div class="ugb-expand__more-text" style="display:none"><p></p></div><div class="ugb-expand__toggle-wrapper"><a class="ugb-expand__toggle" href="#"><span class="ugb-expand__more-toggle-text">Mostrar mais <br></span><span class="ugb-expand__less-toggle-text" style="display:none">Mostrar menos</span></a></div></div></div></div>



<div class="wp-block-ugb-blog-posts ugb-blog-posts ugb-2898406 ugb-blog-posts--v2 ugb-blog-posts--design-basic ugb-blog-posts--columns-1 ugb-main-block"><style>.ugb-2898406 .ugb-blog-posts__featured-image{border-radius:0px !important}.ugb-2898406 .ugb-blog-posts__title a{color:var(--theme-palette-color-3,#915656) !important}.ugb-2898406 .ugb-blog-posts__title a:hover{color:var(--theme-palette-color-1,#d80909) !important}.ugb-2898406 .ugb-blog-posts__title{margin-bottom:-50px !important}.ugb-2898406 .ugb-inner-block{text-align:left}.ugb-2898406 .ugb-block-title{font-family:"Anton",Sans-serif !important;font-weight:700 !important;color:var(--theme-palette-color-1,#d80909);margin-bottom:13px !important}@media screen and (min-width:768px){.ugb-2898406.ugb-blog-posts{padding-bottom:35px !important}}@media screen and (min-width:768px){.ugb-2898406 > .ugb-inner-block > .ugb-block-content > *{padding-top:0px !important;padding-bottom:0px !important;padding-right:0px !important;padding-left:0px !important}}</style><div class="ugb-inner-block"><h3 class="ugb-block-title">Mesas<br></h3><div class="ugb-block-content"></div></div></div>



<div class="alignfull wp-block-ugb-text ugb-text ugb-21b36a0 ugb-text--design-plain ugb-text--columns-1 ugb-main-block ugb-main-block--inner-center ugb--has-block-background"><style>.ugb-21b36a0 .ugb-text__title{color:var(--theme-palette-color-1,#d80909);font-size:22px !important;text-align:left}.ugb-21b36a0 .ugb-text__text p{font-family:"Roboto",Sans-serif !important;font-size:35px !important;font-weight:700 !important;color:var(--theme-palette-color-1,#d80909)}.ugb-21b36a0 .ugb-inner-block{text-align:left}.ugb-21b36a0.ugb-text{background-color:var(--theme-palette-color-8,#ffffff)}.ugb-21b36a0.ugb-text:before{background-color:var(--theme-palette-color-8,#ffffff)}@media screen and (min-width:768px){.ugb-21b36a0.ugb-text{padding-top:0px !important;padding-right:35px !important;padding-bottom:26px !important;padding-left:35px !important}}@media screen and (max-width:768px){.ugb-21b36a0 .ugb-text__text p{font-size:20px !important}}</style><div class="ugb-inner-block ugb-inner-block--center"><div class="ugb-block-content"><div class="ugb-text__title-wrapper"><h2 class="ugb-text__title"><br>Material de apoio</h2></div><div class="ugb-text__text-wrapper"><div class="ugb-text__text"><p class="ugb-text__text-1"></p></div></div></div></div></div>



<div class="wp-block-columns is-layout-flex wp-container-core-columns-is-layout-28f84493 wp-block-columns-is-layout-flex">
<div class="wp-block-column is-layout-flow wp-block-column-is-layout-flow" style="flex-basis:33.33%">
<div class="wp-block-stackable-icon-label stk-block-icon-label stk-block stk-9078986" data-block-id="9078986"><div class="stk-row stk-inner-blocks stk-block-content">
<div class="wp-block-stackable-icon stk-block-icon has-text-align-left stk-block stk-183865b" data-block-id="183865b"><span class="stk--svg-wrapper"><div class="stk--inner-svg"><svg style="height:0;width:0"><defs><linearGradient id="linear-gradient-183865b" x1="0" x2="100%" y1="0" y2="0"><stop offset="0%" style="stop-opacity:1;stop-color:var(--linear-gradient-183865-b-color-1)"></stop><stop offset="100%" style="stop-opacity:1;stop-color:var(--linear-gradient-183865-b-color-2)"></stop></linearGradient></defs></svg><svg aria-hidden="true" focusable="false" data-prefix="far" data-icon="file-alt" class="svg-inline--fa fa-file-alt fa-w-12" xmlns="http://www.w3.org/2000/svg" viewBox="0 0 384 512" width="32" height="32"><path fill="currentColor" d="M288 248v28c0 6.6-5.4 12-12 12H108c-6.6 0-12-5.4-12-12v-28c0-6.6 5.4-12 12-12h168c6.6 0 12 5.4 12 12zm-12 72H108c-6.6 0-12 5.4-12 12v28c0 6.6 5.4 12 12 12h168c6.6 0 12-5.4 12-12v-28c0-6.6-5.4-12-12-12zm108-188.1V464c0 26.5-21.5 48-48 48H48c-26.5 0-48-21.5-48-48V48C0 21.5 21.5 0 48 0h204.1C264.8 0 277 5.1 286 14.1L369.9 98c9 8.9 14.1 21.2 14.1 33.9zm-128-80V128h76.1L256 51.9zM336 464V176H232c-13.3 0-24-10.7-24-24V48H48v416h288z"></path></svg></div></span></div>



<div class="wp-block-stackable-heading stk-block-heading stk-block-heading--v2 stk-block stk-cd62f98" id="strong-a-href-https-drive-google-com-file-d-1-xf-fc-jd-c-6-bx-i-39-lg-rub-4-i-w-7-io-py-3-sf-view-usp-sharing-caderno-de-formacao-n-56-subsidios-para-estudo-da-conjuntura-2022-a-strong" data-block-id="cd62f98"><h4 class="stk-block-heading__text stk-block-heading--use-theme-margins"><strong><a href="https://drive.google.com/file/d/1XfFcJdC6Bx_i39LGRub4iW_7IO_PY3sf/view?usp=sharing">Caderno de formação nº56 &#8211; Subsídios para estudo da Conjuntura 2022</a></strong></h4></div>
</div></div>



<figure class="wp-block-image alignleft size-full is-resized is-style-default"><a href="https://drive.google.com/file/d/1XfFcJdC6Bx_i39LGRub4iW_7IO_PY3sf/view?usp=sharing"><img loading="lazy" decoding="async" width="600" height="856" src="https://formacaoemmovimento.org.br/wp-content/uploads/2022/02/cartilha-56.jpg" alt="" class="wp-image-4764" style="width:265px;height:377px" srcset="https://formacaoemmovimento.org.br/wp-content/uploads/2022/02/cartilha-56.jpg 600w, https://formacaoemmovimento.org.br/wp-content/uploads/2022/02/cartilha-56-210x300.jpg 210w" sizes="auto, (max-width: 600px) 100vw, 600px" /></a></figure>
</div>
</div>

<p>Aconteceu no início de 2022 o Seminário Nacional de Formação “A Conjuntura e os Desafios para a classe trabalhadora”. O seminário foi realizado de modo virtual e dirigido à militância do campo popular brasileiro, com o objetivo de estudar sobre alguns temas estruturais e conjunturais necessários para a compreensão da luta de classe diante do avanço acelerado do modo de produção capitalista e quais os desafios para a classe trabalhadora.</p>

0 comentário
