{"id":4332,"date":"2021-12-16T18:19:23","date_gmt":"2021-12-16T21:19:23","guid":{"rendered":"https:\/\/formacaoemmovimento.org.br\/?page_id=4332"},"modified":"2025-06-17T16:46:28","modified_gmt":"2025-06-17T19:46:28","slug":"4332-2","status":"publish","type":"page","link":"https:\/\/formacaoemmovimento.org.br\/?page_id=4332","title":{"rendered":"Estudando Rosa Luxemburgo"},"content":{"rendered":"\n<div class=\"alignfull wp-block-ugb-text ugb-text ugb-491e63f ugb-text--design-plain ugb-text--columns-1 ugb-main-block ugb-main-block--inner-center ugb--has-block-background\"><style>.ugb-491e63f .ugb-text__title{color:var(--theme-palette-color-1,#d80909);text-align:left}.ugb-491e63f .ugb-text__text p{font-family:\"Roboto\",Sans-serif !important;font-size:35px !important;font-weight:700 !important;color:var(--theme-palette-color-1,#d80909)}.ugb-491e63f .ugb-inner-block{text-align:left}.ugb-491e63f.ugb-text{background-color:var(--theme-palette-color-8,#ffffff)}.ugb-491e63f.ugb-text:before{background-color:var(--theme-palette-color-8,#ffffff)}@media screen and (min-width:768px){.ugb-491e63f.ugb-text{padding-top:0px !important;padding-right:35px !important;padding-bottom:26px !important;padding-left:35px !important}}@media screen and (max-width:768px){.ugb-491e63f .ugb-text__text p{font-size:20px !important}}<\/style><div class=\"ugb-inner-block ugb-inner-block--center\"><div class=\"ugb-block-content\"><div class=\"ugb-text__title-wrapper\"><h2 class=\"ugb-text__title\"><strong>Estudando Rosa Luxemburgo<\/strong><\/h2><\/div><div class=\"ugb-text__text-wrapper\"><div class=\"ugb-text__text\"><p class=\"ugb-text__text-1\"><\/p><\/div><\/div><\/div><\/div><\/div>\n\n\n\n<div class=\"wp-block-ugb-expand ugb-expand ugb-2670207 ugb-expand--v2 ugb-main-block\" aria-expanded=\"false\"><style>.ugb-2670207 .ugb-expand__less-text p,.ugb-2670207 .ugb-expand__more-text p{font-size:18px !important}<\/style><div class=\"ugb-inner-block\"><div class=\"ugb-block-content\"><h4 class=\"ugb-expand__title\">Apresenta\u00e7\u00e3o<\/h4><div class=\"ugb-expand__less-text\"><p>A conjuntura atual de nosso pa\u00eds, nos faz vivenciar tempos mais dif\u00edceis do que j\u00e1 t\u00ednhamos passado. Seja pelas incertezas que a pandemia nos trouxe, seja pelas medidas adotadas por algumas autoridades como forma de &#8220;resolver&#8221; a propaga\u00e7\u00e3o e contagio do Covid, seja pelas incertezas do dia seguinte, ou mesmo, pelas incertezas do mundo p\u00f3s-covid, ficamos apreensivos com o &#8220;por vir&#8221;&#8230; Por\u00e9m, sem desanimar, n\u00e3o podemos perder o foco e, nele, alimentar a m\u00edstica revolucion\u00e1ria, \u00e9 uma tarefa que &#8220;grita&#8221; como indispens\u00e1vel a todas e todos militantes de movimentos, organiza\u00e7\u00f5es ou partidos populares, no sentido de construir sa\u00eddas qualificadas para esta grande crise social, ambiental e econ\u00f4mica.<\/p><p>Nesse Grupo de Estudos, recorreremos aos saberes de Rosa Luxemburgo &#8211; autora cl\u00e1ssica, revolucion\u00e1ria de primeira hora e entusiasta da organiza\u00e7\u00e3o das massas &#8211; para se inspirar em nossas lutas.<\/p><\/div><div class=\"ugb-expand__more-text\" style=\"display:none\"><p><strong>Onde queremos chegar?<\/strong><\/p><p>Ser um espa\u00e7o de estudo e debate sobre a obra de Rosa Luxemburgo e sua atualidade.<\/p><p><strong>Qual nossa metodologia?<\/strong><\/p><p>Teremos materiais impressos de leitura obrigat\u00f3ria, os quais estar\u00e3o dispon\u00edveis aqui no site. Esses ser\u00e3o debatidos em videoaulas com a dura\u00e7\u00e3o de 1H30 \u00e0 2H00, aproximadamente. Dentro desse tempo, teremos a exposi\u00e7\u00e3o de at\u00e9 1H00 do assessor convidado, mais alguns blocos de perguntas e respostas que ser\u00e3o feitas pelos cursistas ao participante ao convidado. Os encontros ser\u00e3o quinzenais e come\u00e7ar\u00e3o em 16\/06.<\/p><p>Teremos como obra principal, o livro organizado por Isabel Loureiro&nbsp;LOUREIRO&nbsp;(2018)&nbsp;<em><strong>Rosa Luxemburgo e o protagonismo das lutas de massa<\/strong><\/em>, impresso pela Editora&nbsp;Express\u00e3o Popular,&nbsp;S\u00e3o Paulo.<\/p><\/div><div class=\"ugb-expand__toggle-wrapper\"><a class=\"ugb-expand__toggle\" href=\"#\"><span class=\"ugb-expand__more-toggle-text\">Mostrar mais <br><\/span><span class=\"ugb-expand__less-toggle-text\" style=\"display:none\">Mostrar menos<\/span><\/a><\/div><\/div><\/div><\/div>\n\n\n\n<div class=\"wp-block-ugb-blog-posts ugb-blog-posts ugb-2898406 ugb-blog-posts--v2 ugb-blog-posts--design-basic ugb-blog-posts--columns-1 ugb-main-block ugb--has-bottom-separator\"><style>.ugb-2898406 .ugb-blog-posts__featured-image{border-radius:4px !important}.ugb-2898406 .ugb-blog-posts__title a{color:var(--theme-palette-color-3,#915656) !important}.ugb-2898406 .ugb-blog-posts__title a:hover{color:var(--theme-palette-color-1,#d80909) !important}.ugb-2898406 .ugb-blog-posts__title{margin-bottom:-50px !important}.ugb-2898406 .ugb-inner-block{text-align:left}.ugb-2898406 .ugb-block-title{font-family:\"Anton\",Sans-serif !important;font-weight:700 !important;color:var(--theme-palette-color-1,#d80909);margin-bottom:13px !important}@media screen and (min-width:768px){.ugb-2898406.ugb-blog-posts{padding-bottom:35px !important}}@media screen and (min-width:768px){.ugb-2898406 > .ugb-inner-block > .ugb-block-content > *{padding-top:0px !important;padding-bottom:0px !important;padding-right:0px !important;padding-left:0px !important}}<\/style><div class=\"ugb-bottom-separator\"><div class=\"ugb-separator-wrapper\"><svg xmlns=\"http:\/\/www.w3.org\/2000\/svg\" viewbox=\"0 0 1600 200\" filter=\"url(#straight-1-shadow_svg__a)\" enablebackground=\"new 0 0 1600 200\" class=\"ugb-separator__shadow\" preserveaspectratio=\"none\" aria-hidden=\"true\"><filter id=\"straight-1-shadow_svg__a\"><feGaussianBlur in=\"SourceAlpha\" stddeviation=\"4\"><\/feGaussianBlur><feComponentTransfer><feFuncA type=\"linear\" slope=\"0.4\"><\/feFuncA><\/feComponentTransfer><feMerge><feMergeNode><\/feMergeNode><feMergeNode in=\"SourceGraphic\"><\/feMergeNode><\/feMerge><\/filter><path d=\"M-10 121.6h1620v-16.4H-10z\"><\/path><\/svg><svg xmlns=\"http:\/\/www.w3.org\/2000\/svg\" viewbox=\"0 0 1600 200\" class=\"ugb-separator__layer-1\" preserveaspectratio=\"none\" aria-hidden=\"true\"><path d=\"M-10 210h1620V105.2H-10z\"><\/path><\/svg><\/div><\/div><div class=\"ugb-inner-block\"><h3 class=\"ugb-block-title\">Aulas<\/h3><div class=\"ugb-block-content\"><\/div><\/div><\/div>\n","protected":false},"excerpt":{"rendered":"<p>A conjuntura atual de nosso pa\u00eds, nos faz vivenciar tempos mais dif\u00edceis do que j\u00e1 t\u00ednhamos passado. Seja pelas incertezas que a pandemia nos trouxe, seja pelas medidas adotadas por algumas autoridades como forma de &#8220;resolver&#8221; a propaga\u00e7\u00e3o e contagio do Covid, seja pelas incertezas do dia seguinte, ou mesmo, pelas incertezas do mundo p\u00f3s-covid, ficamos apreensivos com o &#8220;por vir&#8221;&#8230; Por\u00e9m, sem desanimar, n\u00e3o podemos perder o foco e, nele, alimentar a m\u00edstica revolucion\u00e1ria, \u00e9 uma tarefa que &#8220;grita&#8221; como indispens\u00e1vel a todas e todos militantes de movimentos, organiza\u00e7\u00f5es ou partidos populares, no sentido de construir sa\u00eddas qualificadas para esta grande crise social, ambiental e econ\u00f4mica.<\/p>\n","protected":false},"author":10,"featured_media":4516,"parent":1143,"menu_order":0,"comment_status":"closed","ping_status":"closed","template":"","meta":{"footnotes":""},"class_list":["post-4332","page","type-page","status-publish","has-post-thumbnail","hentry"],"blocksy_meta":{"styles_descriptor":{"styles":{"desktop":"","tablet":"","mobile":""},"google_fonts":[],"version":6}},"featured_image_urls_v2":{"full":["https:\/\/formacaoemmovimento.org.br\/wp-content\/uploads\/2021\/12\/estudando-rosa.jpg",1920,446,false],"thumbnail":["https:\/\/formacaoemmovimento.org.br\/wp-content\/uploads\/2021\/12\/estudando-rosa-150x150.jpg",150,150,true],"medium":["https:\/\/formacaoemmovimento.org.br\/wp-content\/uploads\/2021\/12\/estudando-rosa-300x70.jpg",300,70,true],"medium_large":["https:\/\/formacaoemmovimento.org.br\/wp-content\/uploads\/2021\/12\/estudando-rosa-768x178.jpg",768,178,true],"large":["https:\/\/formacaoemmovimento.org.br\/wp-content\/uploads\/2021\/12\/estudando-rosa-1024x238.jpg",1024,238,true],"1536x1536":["https:\/\/formacaoemmovimento.org.br\/wp-content\/uploads\/2021\/12\/estudando-rosa-1536x357.jpg",1536,357,true],"2048x2048":["https:\/\/formacaoemmovimento.org.br\/wp-content\/uploads\/2021\/12\/estudando-rosa.jpg",1920,446,false]},"post_excerpt_stackable_v2":"<p>A conjuntura atual de nosso pa\u00eds, nos faz vivenciar tempos mais dif\u00edceis do que j\u00e1 t\u00ednhamos passado. Seja pelas incertezas que a pandemia nos trouxe, seja pelas medidas adotadas por algumas autoridades como forma de &#8220;resolver&#8221; a propaga\u00e7\u00e3o e contagio do Covid, seja pelas incertezas do dia seguinte, ou mesmo, pelas incertezas do mundo p\u00f3s-covid, ficamos apreensivos com o &#8220;por vir&#8221;&#8230; Por\u00e9m, sem desanimar, n\u00e3o podemos perder o foco e, nele, alimentar a m\u00edstica revolucion\u00e1ria, \u00e9 uma tarefa que &#8220;grita&#8221; como indispens\u00e1vel a todas e todos militantes de movimentos, organiza\u00e7\u00f5es ou partidos populares, no sentido de construir sa\u00eddas qualificadas para esta grande crise social, ambiental e econ\u00f4mica.<\/p>\n","category_list_v2":"","author_info_v2":{"name":"fernanda costa","url":"https:\/\/formacaoemmovimento.org.br\/?author=10"},"comments_num_v2":"0 coment\u00e1rio","_links":{"self":[{"href":"https:\/\/formacaoemmovimento.org.br\/index.php?rest_route=\/wp\/v2\/pages\/4332","targetHints":{"allow":["GET"]}}],"collection":[{"href":"https:\/\/formacaoemmovimento.org.br\/index.php?rest_route=\/wp\/v2\/pages"}],"about":[{"href":"https:\/\/formacaoemmovimento.org.br\/index.php?rest_route=\/wp\/v2\/types\/page"}],"author":[{"embeddable":true,"href":"https:\/\/formacaoemmovimento.org.br\/index.php?rest_route=\/wp\/v2\/users\/10"}],"replies":[{"embeddable":true,"href":"https:\/\/formacaoemmovimento.org.br\/index.php?rest_route=%2Fwp%2Fv2%2Fcomments&post=4332"}],"version-history":[{"count":10,"href":"https:\/\/formacaoemmovimento.org.br\/index.php?rest_route=\/wp\/v2\/pages\/4332\/revisions"}],"predecessor-version":[{"id":5825,"href":"https:\/\/formacaoemmovimento.org.br\/index.php?rest_route=\/wp\/v2\/pages\/4332\/revisions\/5825"}],"up":[{"embeddable":true,"href":"https:\/\/formacaoemmovimento.org.br\/index.php?rest_route=\/wp\/v2\/pages\/1143"}],"wp:featuredmedia":[{"embeddable":true,"href":"https:\/\/formacaoemmovimento.org.br\/index.php?rest_route=\/wp\/v2\/media\/4516"}],"wp:attachment":[{"href":"https:\/\/formacaoemmovimento.org.br\/index.php?rest_route=%2Fwp%2Fv2%2Fmedia&parent=4332"}],"curies":[{"name":"wp","href":"https:\/\/api.w.org\/{rel}","templated":true}]}}

<div class="alignfull wp-block-ugb-text ugb-text ugb-491e63f ugb-text--design-plain ugb-text--columns-1 ugb-main-block ugb-main-block--inner-center ugb--has-block-background"><style>.ugb-491e63f .ugb-text__title{color:var(--theme-palette-color-1,#d80909);text-align:left}.ugb-491e63f .ugb-text__text p{font-family:"Roboto",Sans-serif !important;font-size:35px !important;font-weight:700 !important;color:var(--theme-palette-color-1,#d80909)}.ugb-491e63f .ugb-inner-block{text-align:left}.ugb-491e63f.ugb-text{background-color:var(--theme-palette-color-8,#ffffff)}.ugb-491e63f.ugb-text:before{background-color:var(--theme-palette-color-8,#ffffff)}@media screen and (min-width:768px){.ugb-491e63f.ugb-text{padding-top:0px !important;padding-right:35px !important;padding-bottom:26px !important;padding-left:35px !important}}@media screen and (max-width:768px){.ugb-491e63f .ugb-text__text p{font-size:20px !important}}</style><div class="ugb-inner-block ugb-inner-block--center"><div class="ugb-block-content"><div class="ugb-text__title-wrapper"><h2 class="ugb-text__title"><strong>Estudando Rosa Luxemburgo</strong></h2></div><div class="ugb-text__text-wrapper"><div class="ugb-text__text"><p class="ugb-text__text-1"></p></div></div></div></div></div>



<div class="wp-block-ugb-expand ugb-expand ugb-2670207 ugb-expand--v2 ugb-main-block" aria-expanded="false"><style>.ugb-2670207 .ugb-expand__less-text p,.ugb-2670207 .ugb-expand__more-text p{font-size:18px !important}</style><div class="ugb-inner-block"><div class="ugb-block-content"><h4 class="ugb-expand__title">Apresentação</h4><div class="ugb-expand__less-text"><p>A conjuntura atual de nosso país, nos faz vivenciar tempos mais difíceis do que já tínhamos passado. Seja pelas incertezas que a pandemia nos trouxe, seja pelas medidas adotadas por algumas autoridades como forma de &#8220;resolver&#8221; a propagação e contagio do Covid, seja pelas incertezas do dia seguinte, ou mesmo, pelas incertezas do mundo pós-covid, ficamos apreensivos com o &#8220;por vir&#8221;&#8230; Porém, sem desanimar, não podemos perder o foco e, nele, alimentar a mística revolucionária, é uma tarefa que &#8220;grita&#8221; como indispensável a todas e todos militantes de movimentos, organizações ou partidos populares, no sentido de construir saídas qualificadas para esta grande crise social, ambiental e econômica.</p><p>Nesse Grupo de Estudos, recorreremos aos saberes de Rosa Luxemburgo &#8211; autora clássica, revolucionária de primeira hora e entusiasta da organização das massas &#8211; para se inspirar em nossas lutas.</p></div><div class="ugb-expand__more-text" style="display:none"><p><strong>Onde queremos chegar?</strong></p><p>Ser um espaço de estudo e debate sobre a obra de Rosa Luxemburgo e sua atualidade.</p><p><strong>Qual nossa metodologia?</strong></p><p>Teremos materiais impressos de leitura obrigatória, os quais estarão disponíveis aqui no site. Esses serão debatidos em videoaulas com a duração de 1H30 à 2H00, aproximadamente. Dentro desse tempo, teremos a exposição de até 1H00 do assessor convidado, mais alguns blocos de perguntas e respostas que serão feitas pelos cursistas ao participante ao convidado. Os encontros serão quinzenais e começarão em 16/06.</p><p>Teremos como obra principal, o livro organizado por Isabel Loureiro&nbsp;LOUREIRO&nbsp;(2018)&nbsp;<em><strong>Rosa Luxemburgo e o protagonismo das lutas de massa</strong></em>, impresso pela Editora&nbsp;Expressão Popular,&nbsp;São Paulo.</p></div><div class="ugb-expand__toggle-wrapper"><a class="ugb-expand__toggle" href="#"><span class="ugb-expand__more-toggle-text">Mostrar mais <br></span><span class="ugb-expand__less-toggle-text" style="display:none">Mostrar menos</span></a></div></div></div></div>



<div class="wp-block-ugb-blog-posts ugb-blog-posts ugb-2898406 ugb-blog-posts--v2 ugb-blog-posts--design-basic ugb-blog-posts--columns-1 ugb-main-block ugb--has-bottom-separator"><style>.ugb-2898406 .ugb-blog-posts__featured-image{border-radius:4px !important}.ugb-2898406 .ugb-blog-posts__title a{color:var(--theme-palette-color-3,#915656) !important}.ugb-2898406 .ugb-blog-posts__title a:hover{color:var(--theme-palette-color-1,#d80909) !important}.ugb-2898406 .ugb-blog-posts__title{margin-bottom:-50px !important}.ugb-2898406 .ugb-inner-block{text-align:left}.ugb-2898406 .ugb-block-title{font-family:"Anton",Sans-serif !important;font-weight:700 !important;color:var(--theme-palette-color-1,#d80909);margin-bottom:13px !important}@media screen and (min-width:768px){.ugb-2898406.ugb-blog-posts{padding-bottom:35px !important}}@media screen and (min-width:768px){.ugb-2898406 > .ugb-inner-block > .ugb-block-content > *{padding-top:0px !important;padding-bottom:0px !important;padding-right:0px !important;padding-left:0px !important}}</style><div class="ugb-bottom-separator"><div class="ugb-separator-wrapper"><svg xmlns="http://www.w3.org/2000/svg" viewbox="0 0 1600 200" filter="url(#straight-1-shadow_svg__a)" enablebackground="new 0 0 1600 200" class="ugb-separator__shadow" preserveaspectratio="none" aria-hidden="true"><filter id="straight-1-shadow_svg__a"><feGaussianBlur in="SourceAlpha" stddeviation="4"></feGaussianBlur><feComponentTransfer><feFuncA type="linear" slope="0.4"></feFuncA></feComponentTransfer><feMerge><feMergeNode></feMergeNode><feMergeNode in="SourceGraphic"></feMergeNode></feMerge></filter><path d="M-10 121.6h1620v-16.4H-10z"></path></svg><svg xmlns="http://www.w3.org/2000/svg" viewbox="0 0 1600 200" class="ugb-separator__layer-1" preserveaspectratio="none" aria-hidden="true"><path d="M-10 210h1620V105.2H-10z"></path></svg></div></div><div class="ugb-inner-block"><h3 class="ugb-block-title">Aulas</h3><div class="ugb-block-content"></div></div></div>

<p>A conjuntura atual de nosso país, nos faz vivenciar tempos mais difíceis do que já tínhamos passado. Seja pelas incertezas que a pandemia nos trouxe, seja pelas medidas adotadas por algumas autoridades como forma de &#8220;resolver&#8221; a propagação e contagio do Covid, seja pelas incertezas do dia seguinte, ou mesmo, pelas incertezas do mundo pós-covid, ficamos apreensivos com o &#8220;por vir&#8221;&#8230; Porém, sem desanimar, não podemos perder o foco e, nele, alimentar a mística revolucionária, é uma tarefa que &#8220;grita&#8221; como indispensável a todas e todos militantes de movimentos, organizações ou partidos populares, no sentido de construir saídas qualificadas para esta grande crise social, ambiental e econômica.</p>

0 comentário
