{"id":4123,"date":"2021-12-15T13:25:28","date_gmt":"2021-12-15T16:25:28","guid":{"rendered":"https:\/\/formacaoemmovimento.org.br\/?page_id=4123"},"modified":"2025-06-17T16:46:28","modified_gmt":"2025-06-17T19:46:28","slug":"feminismo-antirracismo-e-luta-de-classes","status":"publish","type":"page","link":"https:\/\/formacaoemmovimento.org.br\/?page_id=4123","title":{"rendered":"Feminismo, Antirracismo e Luta de Classes"},"content":{"rendered":"\n<div class=\"alignfull wp-block-ugb-text ugb-text ugb-491e63f ugb-text--design-plain ugb-text--columns-1 ugb-main-block ugb-main-block--inner-center ugb--has-block-background\"><style>.ugb-491e63f .ugb-text__title{color:var(--theme-palette-color-1,#d80909);text-align:left}.ugb-491e63f .ugb-text__text p{font-family:\"Roboto\",Sans-serif !important;font-size:35px !important;font-weight:700 !important;color:var(--theme-palette-color-1,#d80909)}.ugb-491e63f .ugb-inner-block{text-align:left}.ugb-491e63f.ugb-text{background-color:var(--theme-palette-color-8,#ffffff)}.ugb-491e63f.ugb-text:before{background-color:var(--theme-palette-color-8,#ffffff)}@media screen and (min-width:768px){.ugb-491e63f.ugb-text{padding-top:0px !important;padding-right:35px !important;padding-bottom:26px !important;padding-left:35px !important}}@media screen and (max-width:768px){.ugb-491e63f .ugb-text__text p{font-size:20px !important}}<\/style><div class=\"ugb-inner-block ugb-inner-block--center\"><div class=\"ugb-block-content\"><div class=\"ugb-text__title-wrapper\"><h2 class=\"ugb-text__title\">FEMINISMO, ANTIRRACISMO E LUTA DE CLASSES<\/h2><\/div><div class=\"ugb-text__text-wrapper\"><div class=\"ugb-text__text\"><p class=\"ugb-text__text-1\"><\/p><\/div><\/div><\/div><\/div><\/div>\n\n\n\n<div class=\"wp-block-ugb-expand ugb-expand ugb-2670207 ugb-expand--v2 ugb-main-block\" aria-expanded=\"false\"><style>.ugb-2670207 .ugb-expand__less-text p,.ugb-2670207 .ugb-expand__more-text p{font-size:18px !important}<\/style><div class=\"ugb-inner-block\"><div class=\"ugb-block-content\"><h4 class=\"ugb-expand__title\">Apresenta\u00e7\u00e3o<\/h4><div class=\"ugb-expand__less-text\"><p><strong>Entenda a nossa proposta!<\/strong><\/p><p>Neste momento em que estamos vivendo crises profundas e de car\u00e1ter global, \u00e9 fundamental demandar conhecimento e inspira\u00e7\u00e3o \u00e0 classe trabalhadora organizada, para que esta possa continuar a constru\u00e7\u00e3o das alternativas necess\u00e1rias no pavimentar do caminho rumo ao Socialismo. E n\u00e3o \u00e9 necess\u00e1rio comentar a centralidade que a discuss\u00e3o sobre o Feminismo e o antirracismo t\u00eam, na constru\u00e7\u00e3o desse universo combativo \u00e0s atitudes t\u00f3xicas, fascistas e desrespeitosas, pr\u00f3pria dos ambientes em que o capitalismo perde terreno e, por isso, tenta se impor com mais intensidade.<\/p><p>Diante disso, desenvolve-se esta proposta, para que as teorias feministas e do antirracismo possam ser debatidas e enveredadas aos processos concretos da luta de classes, nos quais esses mesmos temas e teorias foram forjados.<\/p><p>Por isso, este Grupo de Estudos oferecer\u00e1 ao conjunto das pessoas de luta, sem distin\u00e7\u00e3o de g\u00eanero, a oportunidade aprofundar seus conhecimentos te\u00f3ricos sobre a reprodu\u00e7\u00e3o patriarcal e racial da sociedade brasileira com o foco na luta das mulheres, do povo negro e do campon\u00eas contra esses sistema, como um instrumento de luta contra a ordem patriarcal opressora, mis\u00f3gina e racista, que, por ora se imp\u00f5e com toda a sua for\u00e7a entre n\u00f3s.<\/p><\/div><div class=\"ugb-expand__more-text\" style=\"display:none\"><p><strong>Como abordaremos o assunto?<\/strong><\/p><p>Como forma de motivar o estudo e o acesso \u00e0 literatura sobre feminismo, antirracismo e luta de classes, organizaremos, aqui no site, os textos dos oito encontros planejados, os quais trar\u00e3o um panorama sobre o machismo, o racismo, o patriarcado, a viol\u00eancia contra as mulheres e contra v\u00e1rias etnias do pa\u00eds, e assim entender a nossa sociedade sob o prisma de luta desses grupos oprimidos. Afinal, esses grupos tem de deixar de ser massacrados e enterrados pelo sistema vigente, passando a ser o condutor do enfrentamento de gargalos que n\u00e3o permitem a promo\u00e7\u00e3o da igualdade entre todos, independente de g\u00eanero, ra\u00e7a, credo e classe.<\/p><p>Para al\u00e9m da disposi\u00e7\u00e3o do material de leitura no site, nossa proposta metodol\u00f3gica prev\u00ea ainda que encontros virtuais assessorados &#8211; com a dura\u00e7\u00e3o de 30 a 40 minutos &#8211; aconte\u00e7am, para que o assessor possa debater o conte\u00fado com os cursistas que, previamente separados em pequenos grupos, tamb\u00e9m participar\u00e3o dos encontros, expondo de maneira sucinta o que aprendeu com a leitura.<\/p><p><strong>Onde queremos chegar?<\/strong><\/p><p>A partir das categorias marxistas, estudaremos&nbsp;as contribui\u00e7\u00f5es do feminismo para a luta de classe na Am\u00e9rica Latina e Brasil.<\/p><\/div><div class=\"ugb-expand__toggle-wrapper\"><a class=\"ugb-expand__toggle\" href=\"#\"><span class=\"ugb-expand__more-toggle-text\">Mostrar mais <br><\/span><span class=\"ugb-expand__less-toggle-text\" style=\"display:none\">Mostrar menos<\/span><\/a><\/div><\/div><\/div><\/div>\n\n\n\n<div class=\"wp-block-ugb-blog-posts ugb-blog-posts ugb-2898406 ugb-blog-posts--v2 ugb-blog-posts--design-basic ugb-blog-posts--columns-1 ugb-main-block\"><style>.ugb-2898406 .ugb-blog-posts__featured-image{border-radius:4px !important}.ugb-2898406 .ugb-blog-posts__title a{color:var(--theme-palette-color-3,#915656) !important}.ugb-2898406 .ugb-blog-posts__title a:hover{color:var(--theme-palette-color-1,#d80909) !important}.ugb-2898406 .ugb-blog-posts__title{margin-bottom:-50px !important}.ugb-2898406 .ugb-inner-block{text-align:left}.ugb-2898406 .ugb-block-title{font-family:\"Anton\",Sans-serif !important;font-weight:700 !important;color:var(--theme-palette-color-1,#d80909);margin-bottom:13px !important}@media screen and (min-width:768px){.ugb-2898406.ugb-blog-posts{padding-bottom:35px !important}}@media screen and (min-width:768px){.ugb-2898406 > .ugb-inner-block > .ugb-block-content > *{padding-top:0px !important;padding-bottom:0px !important;padding-right:0px !important;padding-left:0px !important}}<\/style><div class=\"ugb-inner-block\"><h3 class=\"ugb-block-title\">Aulas<\/h3><div class=\"ugb-block-content\"><\/div><\/div><\/div>\n","protected":false},"excerpt":{"rendered":"<p>Neste momento em que estamos vivendo crises profundas e de car\u00e1ter global, \u00e9 fundamental demandar conhecimento e inspira\u00e7\u00e3o \u00e0 classe trabalhadora organizada, para que esta possa continuar a constru\u00e7\u00e3o das alternativas necess\u00e1rias no pavimentar do caminho rumo ao Socialismo. E n\u00e3o \u00e9 necess\u00e1rio comentar a centralidade que a discuss\u00e3o sobre o Feminismo e o antirracismo t\u00eam, na constru\u00e7\u00e3o desse universo combativo \u00e0s atitudes t\u00f3xicas, fascistas e desrespeitosas, pr\u00f3pria dos ambientes em que o capitalismo perde terreno e, por isso, tenta se impor com mais intensidade.<\/p>\n<p>Diante disso, desenvolve-se esta proposta, para que as teorias feministas e do antirracismo possam ser debatidas e enveredadas aos processos concretos da luta de classes, nos quais esses mesmos temas e teorias foram forjados.<\/p>\n<p>Por isso, este Grupo de Estudos oferecer\u00e1 ao conjunto das pessoas de luta, sem distin\u00e7\u00e3o de g\u00eanero, a oportunidade aprofundar seus conhecimentos te\u00f3ricos sobre a reprodu\u00e7\u00e3o patriarcal e racial da sociedade brasileira com o foco na luta das mulheres, do povo negro e do campon\u00eas contra esses sistema, como um instrumento de luta contra a ordem patriarcal opressora, mis\u00f3gina e racista, que, por ora se imp\u00f5e com toda a sua for\u00e7a entre n\u00f3s.<\/p>\n","protected":false},"author":10,"featured_media":4130,"parent":1143,"menu_order":0,"comment_status":"closed","ping_status":"closed","template":"","meta":{"footnotes":""},"class_list":["post-4123","page","type-page","status-publish","has-post-thumbnail","hentry"],"blocksy_meta":{"styles_descriptor":{"styles":{"desktop":"","tablet":"","mobile":""},"google_fonts":[],"version":6}},"featured_image_urls_v2":{"full":["https:\/\/formacaoemmovimento.org.br\/wp-content\/uploads\/2021\/12\/feminismo-e-antiracismo.png",1920,446,false],"thumbnail":["https:\/\/formacaoemmovimento.org.br\/wp-content\/uploads\/2021\/12\/feminismo-e-antiracismo-150x150.png",150,150,true],"medium":["https:\/\/formacaoemmovimento.org.br\/wp-content\/uploads\/2021\/12\/feminismo-e-antiracismo-300x70.png",300,70,true],"medium_large":["https:\/\/formacaoemmovimento.org.br\/wp-content\/uploads\/2021\/12\/feminismo-e-antiracismo-768x178.png",768,178,true],"large":["https:\/\/formacaoemmovimento.org.br\/wp-content\/uploads\/2021\/12\/feminismo-e-antiracismo-1024x238.png",1024,238,true],"1536x1536":["https:\/\/formacaoemmovimento.org.br\/wp-content\/uploads\/2021\/12\/feminismo-e-antiracismo-1536x357.png",1536,357,true],"2048x2048":["https:\/\/formacaoemmovimento.org.br\/wp-content\/uploads\/2021\/12\/feminismo-e-antiracismo.png",1920,446,false]},"post_excerpt_stackable_v2":"<p>Neste momento em que estamos vivendo crises profundas e de car\u00e1ter global, \u00e9 fundamental demandar conhecimento e inspira\u00e7\u00e3o \u00e0 classe trabalhadora organizada, para que esta possa continuar a constru\u00e7\u00e3o das alternativas necess\u00e1rias no pavimentar do caminho rumo ao Socialismo. E n\u00e3o \u00e9 necess\u00e1rio comentar a centralidade que a discuss\u00e3o sobre o Feminismo e o antirracismo t\u00eam, na constru\u00e7\u00e3o desse universo combativo \u00e0s atitudes t\u00f3xicas, fascistas e desrespeitosas, pr\u00f3pria dos ambientes em que o capitalismo perde terreno e, por isso, tenta se impor com mais intensidade.<\/p>\n<p>Diante disso, desenvolve-se esta proposta, para que as teorias feministas e do antirracismo possam ser debatidas e enveredadas aos processos concretos da luta de classes, nos quais esses mesmos temas e teorias foram forjados.<\/p>\n<p>Por isso, este Grupo de Estudos oferecer\u00e1 ao conjunto das pessoas de luta, sem distin\u00e7\u00e3o de g\u00eanero, a oportunidade aprofundar seus conhecimentos te\u00f3ricos sobre a reprodu\u00e7\u00e3o patriarcal e racial da sociedade brasileira com o foco na luta das mulheres, do povo negro e do campon\u00eas contra esses sistema, como um instrumento de luta contra a ordem patriarcal opressora, mis\u00f3gina e racista, que, por ora se imp\u00f5e com toda a sua for\u00e7a entre n\u00f3s.<\/p>\n","category_list_v2":"","author_info_v2":{"name":"fernanda costa","url":"https:\/\/formacaoemmovimento.org.br\/?author=10"},"comments_num_v2":"0 coment\u00e1rio","_links":{"self":[{"href":"https:\/\/formacaoemmovimento.org.br\/index.php?rest_route=\/wp\/v2\/pages\/4123","targetHints":{"allow":["GET"]}}],"collection":[{"href":"https:\/\/formacaoemmovimento.org.br\/index.php?rest_route=\/wp\/v2\/pages"}],"about":[{"href":"https:\/\/formacaoemmovimento.org.br\/index.php?rest_route=\/wp\/v2\/types\/page"}],"author":[{"embeddable":true,"href":"https:\/\/formacaoemmovimento.org.br\/index.php?rest_route=\/wp\/v2\/users\/10"}],"replies":[{"embeddable":true,"href":"https:\/\/formacaoemmovimento.org.br\/index.php?rest_route=%2Fwp%2Fv2%2Fcomments&post=4123"}],"version-history":[{"count":10,"href":"https:\/\/formacaoemmovimento.org.br\/index.php?rest_route=\/wp\/v2\/pages\/4123\/revisions"}],"predecessor-version":[{"id":5824,"href":"https:\/\/formacaoemmovimento.org.br\/index.php?rest_route=\/wp\/v2\/pages\/4123\/revisions\/5824"}],"up":[{"embeddable":true,"href":"https:\/\/formacaoemmovimento.org.br\/index.php?rest_route=\/wp\/v2\/pages\/1143"}],"wp:featuredmedia":[{"embeddable":true,"href":"https:\/\/formacaoemmovimento.org.br\/index.php?rest_route=\/wp\/v2\/media\/4130"}],"wp:attachment":[{"href":"https:\/\/formacaoemmovimento.org.br\/index.php?rest_route=%2Fwp%2Fv2%2Fmedia&parent=4123"}],"curies":[{"name":"wp","href":"https:\/\/api.w.org\/{rel}","templated":true}]}}

<div class="alignfull wp-block-ugb-text ugb-text ugb-491e63f ugb-text--design-plain ugb-text--columns-1 ugb-main-block ugb-main-block--inner-center ugb--has-block-background"><style>.ugb-491e63f .ugb-text__title{color:var(--theme-palette-color-1,#d80909);text-align:left}.ugb-491e63f .ugb-text__text p{font-family:"Roboto",Sans-serif !important;font-size:35px !important;font-weight:700 !important;color:var(--theme-palette-color-1,#d80909)}.ugb-491e63f .ugb-inner-block{text-align:left}.ugb-491e63f.ugb-text{background-color:var(--theme-palette-color-8,#ffffff)}.ugb-491e63f.ugb-text:before{background-color:var(--theme-palette-color-8,#ffffff)}@media screen and (min-width:768px){.ugb-491e63f.ugb-text{padding-top:0px !important;padding-right:35px !important;padding-bottom:26px !important;padding-left:35px !important}}@media screen and (max-width:768px){.ugb-491e63f .ugb-text__text p{font-size:20px !important}}</style><div class="ugb-inner-block ugb-inner-block--center"><div class="ugb-block-content"><div class="ugb-text__title-wrapper"><h2 class="ugb-text__title">FEMINISMO, ANTIRRACISMO E LUTA DE CLASSES</h2></div><div class="ugb-text__text-wrapper"><div class="ugb-text__text"><p class="ugb-text__text-1"></p></div></div></div></div></div>



<div class="wp-block-ugb-expand ugb-expand ugb-2670207 ugb-expand--v2 ugb-main-block" aria-expanded="false"><style>.ugb-2670207 .ugb-expand__less-text p,.ugb-2670207 .ugb-expand__more-text p{font-size:18px !important}</style><div class="ugb-inner-block"><div class="ugb-block-content"><h4 class="ugb-expand__title">Apresentação</h4><div class="ugb-expand__less-text"><p><strong>Entenda a nossa proposta!</strong></p><p>Neste momento em que estamos vivendo crises profundas e de caráter global, é fundamental demandar conhecimento e inspiração à classe trabalhadora organizada, para que esta possa continuar a construção das alternativas necessárias no pavimentar do caminho rumo ao Socialismo. E não é necessário comentar a centralidade que a discussão sobre o Feminismo e o antirracismo têm, na construção desse universo combativo às atitudes tóxicas, fascistas e desrespeitosas, própria dos ambientes em que o capitalismo perde terreno e, por isso, tenta se impor com mais intensidade.</p><p>Diante disso, desenvolve-se esta proposta, para que as teorias feministas e do antirracismo possam ser debatidas e enveredadas aos processos concretos da luta de classes, nos quais esses mesmos temas e teorias foram forjados.</p><p>Por isso, este Grupo de Estudos oferecerá ao conjunto das pessoas de luta, sem distinção de gênero, a oportunidade aprofundar seus conhecimentos teóricos sobre a reprodução patriarcal e racial da sociedade brasileira com o foco na luta das mulheres, do povo negro e do camponês contra esses sistema, como um instrumento de luta contra a ordem patriarcal opressora, misógina e racista, que, por ora se impõe com toda a sua força entre nós.</p></div><div class="ugb-expand__more-text" style="display:none"><p><strong>Como abordaremos o assunto?</strong></p><p>Como forma de motivar o estudo e o acesso à literatura sobre feminismo, antirracismo e luta de classes, organizaremos, aqui no site, os textos dos oito encontros planejados, os quais trarão um panorama sobre o machismo, o racismo, o patriarcado, a violência contra as mulheres e contra várias etnias do país, e assim entender a nossa sociedade sob o prisma de luta desses grupos oprimidos. Afinal, esses grupos tem de deixar de ser massacrados e enterrados pelo sistema vigente, passando a ser o condutor do enfrentamento de gargalos que não permitem a promoção da igualdade entre todos, independente de gênero, raça, credo e classe.</p><p>Para além da disposição do material de leitura no site, nossa proposta metodológica prevê ainda que encontros virtuais assessorados &#8211; com a duração de 30 a 40 minutos &#8211; aconteçam, para que o assessor possa debater o conteúdo com os cursistas que, previamente separados em pequenos grupos, também participarão dos encontros, expondo de maneira sucinta o que aprendeu com a leitura.</p><p><strong>Onde queremos chegar?</strong></p><p>A partir das categorias marxistas, estudaremos&nbsp;as contribuições do feminismo para a luta de classe na América Latina e Brasil.</p></div><div class="ugb-expand__toggle-wrapper"><a class="ugb-expand__toggle" href="#"><span class="ugb-expand__more-toggle-text">Mostrar mais <br></span><span class="ugb-expand__less-toggle-text" style="display:none">Mostrar menos</span></a></div></div></div></div>



<div class="wp-block-ugb-blog-posts ugb-blog-posts ugb-2898406 ugb-blog-posts--v2 ugb-blog-posts--design-basic ugb-blog-posts--columns-1 ugb-main-block"><style>.ugb-2898406 .ugb-blog-posts__featured-image{border-radius:4px !important}.ugb-2898406 .ugb-blog-posts__title a{color:var(--theme-palette-color-3,#915656) !important}.ugb-2898406 .ugb-blog-posts__title a:hover{color:var(--theme-palette-color-1,#d80909) !important}.ugb-2898406 .ugb-blog-posts__title{margin-bottom:-50px !important}.ugb-2898406 .ugb-inner-block{text-align:left}.ugb-2898406 .ugb-block-title{font-family:"Anton",Sans-serif !important;font-weight:700 !important;color:var(--theme-palette-color-1,#d80909);margin-bottom:13px !important}@media screen and (min-width:768px){.ugb-2898406.ugb-blog-posts{padding-bottom:35px !important}}@media screen and (min-width:768px){.ugb-2898406 > .ugb-inner-block > .ugb-block-content > *{padding-top:0px !important;padding-bottom:0px !important;padding-right:0px !important;padding-left:0px !important}}</style><div class="ugb-inner-block"><h3 class="ugb-block-title">Aulas</h3><div class="ugb-block-content"></div></div></div>

<p>Neste momento em que estamos vivendo crises profundas e de caráter global, é fundamental demandar conhecimento e inspiração à classe trabalhadora organizada, para que esta possa continuar a construção das alternativas necessárias no pavimentar do caminho rumo ao Socialismo. E não é necessário comentar a centralidade que a discussão sobre o Feminismo e o antirracismo têm, na construção desse universo combativo às atitudes tóxicas, fascistas e desrespeitosas, própria dos ambientes em que o capitalismo perde terreno e, por isso, tenta se impor com mais intensidade.</p>
<p>Diante disso, desenvolve-se esta proposta, para que as teorias feministas e do antirracismo possam ser debatidas e enveredadas aos processos concretos da luta de classes, nos quais esses mesmos temas e teorias foram forjados.</p>
<p>Por isso, este Grupo de Estudos oferecerá ao conjunto das pessoas de luta, sem distinção de gênero, a oportunidade aprofundar seus conhecimentos teóricos sobre a reprodução patriarcal e racial da sociedade brasileira com o foco na luta das mulheres, do povo negro e do camponês contra esses sistema, como um instrumento de luta contra a ordem patriarcal opressora, misógina e racista, que, por ora se impõe com toda a sua força entre nós.</p>

0 comentário
