{"id":3203,"date":"2021-11-10T15:29:09","date_gmt":"2021-11-10T18:29:09","guid":{"rendered":"https:\/\/formacaoemmovimento.org.br\/?page_id=3203"},"modified":"2025-06-17T16:46:28","modified_gmt":"2025-06-17T19:46:28","slug":"escola-da-juventude-oziel-alves","status":"publish","type":"page","link":"https:\/\/formacaoemmovimento.org.br\/?page_id=3203","title":{"rendered":"ESCOLA DA JUVENTUDE OZIEL ALVES"},"content":{"rendered":"\n<div class=\"alignfull wp-block-ugb-text ugb-text ugb-491e63f ugb-text--design-plain ugb-text--columns-1 ugb-main-block ugb-main-block--inner-center ugb--has-block-background\"><style>.ugb-491e63f .ugb-text__title{color:var(--theme-palette-color-1,#d80909);text-align:left}.ugb-491e63f .ugb-text__text p{font-family:\"Roboto\",Sans-serif !important;font-size:35px !important;font-weight:700 !important;color:var(--theme-palette-color-1,#d80909)}.ugb-491e63f .ugb-inner-block{text-align:left}.ugb-491e63f.ugb-text{background-color:var(--theme-palette-color-8,#ffffff)}.ugb-491e63f.ugb-text:before{background-color:var(--theme-palette-color-8,#ffffff)}@media screen and (min-width:768px){.ugb-491e63f.ugb-text{padding-top:0px !important;padding-right:35px !important;padding-bottom:26px !important;padding-left:35px !important}}@media screen and (max-width:768px){.ugb-491e63f .ugb-text__text p{font-size:20px !important}}<\/style><div class=\"ugb-inner-block ugb-inner-block--center\"><div class=\"ugb-block-content\"><div class=\"ugb-text__title-wrapper\"><h2 class=\"ugb-text__title\">ESCOLA DA JUVENTUDE OZIEL ALVES<\/h2><\/div><div class=\"ugb-text__text-wrapper\"><div class=\"ugb-text__text\"><p class=\"ugb-text__text-1\"><\/p><\/div><\/div><\/div><\/div><\/div>\n\n\n\n<div class=\"wp-block-ugb-expand ugb-expand ugb-2670207 ugb-expand--v2 ugb-main-block\" aria-expanded=\"false\"><style>.ugb-2670207 .ugb-expand__less-text p,.ugb-2670207 .ugb-expand__more-text p{font-size:18px !important}<\/style><div class=\"ugb-inner-block\"><div class=\"ugb-block-content\"><h4 class=\"ugb-expand__title\">Apresenta\u00e7\u00e3o<\/h4><div class=\"ugb-expand__less-text\"><p>A 1\u00ba Escola Nacional da Juventude Sem Terra: Oziel Alves Pereira \u00e9 destinada a aquelas e aqueles jovens militantes de todos os setores, dirigentes e coordenadores locais, regionais e estaduais e trabalhadores das cooperativas, associa\u00e7\u00f5es e escolas dos nosso territ\u00f3rio. Se somar\u00e1 a n\u00f3s jovens das organiza\u00e7\u00f5es da VIA Campesina e do Levante Popular da Juventude, que estejam organicamente ligado \u00e0s tarefas e a constru\u00e7\u00e3o das organiza\u00e7\u00f5es;<\/p><p><\/p><\/div><div class=\"ugb-expand__more-text\" style=\"display:none\"><p>A&nbsp;<strong>metodologia<\/strong>&nbsp;ser\u00e1 circunstanciada pelo momento de crise sanit\u00e1ria. depender\u00e1 de esfor\u00e7o individual para seguir o roteiro de estudos e se manter firme at\u00e9 o final do processo de forma\u00e7\u00e3o. Mas tamb\u00e9m ser\u00e1 um esfor\u00e7o coletivo organizando grupos de estudo para as tarefas e experimentando na pr\u00e1tica, nos acampamentos e assentamentos, os aprendizados e li\u00e7\u00f5es dos encontros virtuais. Ser\u00e3o ao todo 08 encontros virtuais, com 2h30 de dura\u00e7\u00e3o. Com aula expositiva, atividades em grupo, e debate em plen\u00e1ria. Apoiaremos as aulas expositivas em materiais de subs\u00eddio como filmes, curtas, podcast, textos, \u00e1udios que ser\u00e3o disponibilizados pela Plataforma Forma\u00e7\u00e3o em tempos de Pandemia e pelo grupo de Whatsapp criado para este fim.<\/p><p>No nosso \u201cTempo Comunidade\u201d, aqueles momentos em que seremos provocados a ir para a realidade que nos rodeia e buscar transform\u00e1-la, Desenvolvendo tarefas reflexivas e colaborativas viveiros, c\u00edrculos de literatura, experi\u00eancias do ateli\u00eas populares, etc. orientadas e acompanhadas pela Coordena\u00e7\u00e3o do curso e pelo educador do m\u00f3dulo. Como o conhecimento vem do exerc\u00edcio cognitivo \u201cReflex\u00e3o &#8211; A\u00e7\u00e3o &#8211; Nova Reflex\u00e3o\u201d teremos dentro da nossa programa\u00e7\u00e3o da Escola espa\u00e7o para o Olhar da Juventude, relatando pelo resumos escrito os entendimentos, os sentimentos, as frustra\u00e7\u00f5es e os sonhos das e dos educandos e educandas da turma.<\/p><p><\/p><\/div><div class=\"ugb-expand__toggle-wrapper\"><a class=\"ugb-expand__toggle\" href=\"#\"><span class=\"ugb-expand__more-toggle-text\">Mostrar mais <br><\/span><span class=\"ugb-expand__less-toggle-text\" style=\"display:none\">Mostrar menos<\/span><\/a><\/div><\/div><\/div><\/div>\n\n\n\n<div class=\"wp-block-ugb-blog-posts ugb-blog-posts ugb-2898406 ugb-blog-posts--v2 ugb-blog-posts--design-basic ugb-blog-posts--columns-1 ugb-main-block ugb--has-bottom-separator\"><style>.ugb-2898406 .ugb-blog-posts__featured-image{border-radius:4px !important}.ugb-2898406 .ugb-blog-posts__title a{color:var(--theme-palette-color-3,#915656) !important}.ugb-2898406 .ugb-blog-posts__title a:hover{color:var(--theme-palette-color-1,#d80909) !important}.ugb-2898406 .ugb-blog-posts__title{margin-bottom:-50px !important}.ugb-2898406 .ugb-inner-block{text-align:left}.ugb-2898406 .ugb-block-title{font-family:\"Anton\",Sans-serif !important;font-weight:700 !important;color:var(--theme-palette-color-1,#d80909);margin-bottom:13px !important}@media screen and (min-width:768px){.ugb-2898406.ugb-blog-posts{padding-bottom:35px !important}}@media screen and (min-width:768px){.ugb-2898406 > .ugb-inner-block > .ugb-block-content > *{padding-top:0px !important;padding-bottom:0px !important;padding-right:0px !important;padding-left:0px !important}}<\/style><div class=\"ugb-bottom-separator\"><div class=\"ugb-separator-wrapper\"><svg xmlns=\"http:\/\/www.w3.org\/2000\/svg\" viewbox=\"0 0 1600 200\" filter=\"url(#straight-1-shadow_svg__a)\" enablebackground=\"new 0 0 1600 200\" class=\"ugb-separator__shadow\" preserveaspectratio=\"none\" aria-hidden=\"true\"><filter id=\"straight-1-shadow_svg__a\"><feGaussianBlur in=\"SourceAlpha\" stddeviation=\"4\"><\/feGaussianBlur><feComponentTransfer><feFuncA type=\"linear\" slope=\"0.4\"><\/feFuncA><\/feComponentTransfer><feMerge><feMergeNode><\/feMergeNode><feMergeNode in=\"SourceGraphic\"><\/feMergeNode><\/feMerge><\/filter><path d=\"M-10 121.6h1620v-16.4H-10z\"><\/path><\/svg><svg xmlns=\"http:\/\/www.w3.org\/2000\/svg\" viewbox=\"0 0 1600 200\" class=\"ugb-separator__layer-1\" preserveaspectratio=\"none\" aria-hidden=\"true\"><path d=\"M-10 210h1620V105.2H-10z\"><\/path><\/svg><\/div><\/div><div class=\"ugb-inner-block\"><h3 class=\"ugb-block-title\">Aulas<\/h3><div class=\"ugb-block-content\"><article class=\"ugb-blog-posts__item\"><div class=\"ugb-blog-posts__content\"><h4 class=\"ugb-blog-posts__title\"><a href=\"https:\/\/formacaoemmovimento.org.br\/?p=3208\">AULA N 1 | REVOLU\u00c7\u00c3O NOS DIAS DE HOJE?<\/a><\/h4><\/div><\/article><article class=\"ugb-blog-posts__item\"><div class=\"ugb-blog-posts__content\"><h4 class=\"ugb-blog-posts__title\"><a href=\"https:\/\/formacaoemmovimento.org.br\/?p=3218\">AULA 2 | AFINAL, QUE CRISE \u00c9 ESSA?<\/a><\/h4><\/div><\/article><article class=\"ugb-blog-posts__item\"><div class=\"ugb-blog-posts__content\"><h4 class=\"ugb-blog-posts__title\"><a href=\"https:\/\/formacaoemmovimento.org.br\/?p=3229\">AULA N 3 | QUEM \u00c9 O \u201cPOVO\u201d NO BRASIL?<\/a><\/h4><\/div><\/article><article class=\"ugb-blog-posts__item\"><div class=\"ugb-blog-posts__content\"><h4 class=\"ugb-blog-posts__title\"><a href=\"https:\/\/formacaoemmovimento.org.br\/?p=3236\">AULA N 4 | BRASIL OU BRAZIL?<\/a><\/h4><\/div><\/article><article class=\"ugb-blog-posts__item\"><div class=\"ugb-blog-posts__content\"><h4 class=\"ugb-blog-posts__title\"><a href=\"https:\/\/formacaoemmovimento.org.br\/?p=3241\">AULA N 5 | O QUE \u00c9 REFORMA AGR\u00c1RIA POPULAR?<\/a><\/h4><\/div><\/article><article class=\"ugb-blog-posts__item\"><div class=\"ugb-blog-posts__content\"><h4 class=\"ugb-blog-posts__title\"><a href=\"https:\/\/formacaoemmovimento.org.br\/?p=3252\">AULA N 6 | E EU? O QUE POSSO FAZER?<\/a><\/h4><\/div><\/article><\/div><\/div><\/div>\n","protected":false},"excerpt":{"rendered":"<p>A 1\u00ba Escola Nacional da Juventude Sem Terra: Oziel Alves Pereira \u00e9 destinada a aquelas e aqueles jovens militantes de todos os setores, dirigentes e coordenadores locais, regionais e estaduais e trabalhadores das cooperativas, associa\u00e7\u00f5es e escolas dos nosso territ\u00f3rio. Se somar\u00e1 a n\u00f3s jovens das organiza\u00e7\u00f5es da VIA Campesina e do Levante Popular da Juventude, que estejam organicamente ligado \u00e0s tarefas e a constru\u00e7\u00e3o das organiza\u00e7\u00f5es;<\/p>\n<p>A metodologia ser\u00e1 circunstanciada pelo momento de crise sanit\u00e1ria. depender\u00e1 de esfor\u00e7o individual para seguir o roteiro de estudos e se manter firme at\u00e9 o final do processo de forma\u00e7\u00e3o. Mas tamb\u00e9m ser\u00e1 um esfor\u00e7o coletivo organizando grupos de estudo para as tarefas e experimentando na pr\u00e1tica, nos acampamentos e assentamentos, os aprendizados e li\u00e7\u00f5es dos encontros virtuais. Ser\u00e3o ao todo 08 encontros virtuais, com 2h30 de dura\u00e7\u00e3o. Com aula expositiva, atividades em grupo, e debate em plen\u00e1ria. Apoiaremos as aulas expositivas em materiais de subs\u00eddio como filmes, curtas, podcast, textos, \u00e1udios que ser\u00e3o disponibilizados pela Plataforma Forma\u00e7\u00e3o em tempos de Pandemia e pelo grupo de Whatsapp criado para este fim.<\/p>\n<p>No nosso \u201cTempo Comunidade\u201d, aqueles momentos em que seremos provocados a ir para a realidade que nos rodeia e buscar transform\u00e1-la, Desenvolvendo tarefas reflexivas e colaborativas viveiros, c\u00edrculos de literatura, experi\u00eancias do ateli\u00eas populares, etc. orientadas e acompanhadas pela Coordena\u00e7\u00e3o do curso e pelo educador do m\u00f3dulo. Como o conhecimento vem do exerc\u00edcio cognitivo \u201cReflex\u00e3o &#8211; A\u00e7\u00e3o &#8211; Nova Reflex\u00e3o\u201d teremos dentro da nossa programa\u00e7\u00e3o da Escola espa\u00e7o para o Olhar da Juventude, relatando pelo resumos escrito os entendimentos, os sentimentos, as frustra\u00e7\u00f5es e os sonhos das e dos educandos e educandas da turma.<\/p>\n","protected":false},"author":10,"featured_media":3688,"parent":1143,"menu_order":0,"comment_status":"closed","ping_status":"closed","template":"","meta":{"footnotes":""},"class_list":["post-3203","page","type-page","status-publish","has-post-thumbnail","hentry"],"blocksy_meta":{"styles_descriptor":{"styles":{"desktop":"","tablet":"","mobile":""},"google_fonts":[],"version":6}},"featured_image_urls_v2":{"full":["https:\/\/formacaoemmovimento.org.br\/wp-content\/uploads\/2021\/11\/OZIEL-ALVEZ.jpg",1920,446,false],"thumbnail":["https:\/\/formacaoemmovimento.org.br\/wp-content\/uploads\/2021\/11\/OZIEL-ALVEZ-150x150.jpg",150,150,true],"medium":["https:\/\/formacaoemmovimento.org.br\/wp-content\/uploads\/2021\/11\/OZIEL-ALVEZ-300x70.jpg",300,70,true],"medium_large":["https:\/\/formacaoemmovimento.org.br\/wp-content\/uploads\/2021\/11\/OZIEL-ALVEZ-768x178.jpg",768,178,true],"large":["https:\/\/formacaoemmovimento.org.br\/wp-content\/uploads\/2021\/11\/OZIEL-ALVEZ-1024x238.jpg",1024,238,true],"1536x1536":["https:\/\/formacaoemmovimento.org.br\/wp-content\/uploads\/2021\/11\/OZIEL-ALVEZ-1536x357.jpg",1536,357,true],"2048x2048":["https:\/\/formacaoemmovimento.org.br\/wp-content\/uploads\/2021\/11\/OZIEL-ALVEZ.jpg",1920,446,false]},"post_excerpt_stackable_v2":"<p>A 1\u00ba Escola Nacional da Juventude Sem Terra: Oziel Alves Pereira \u00e9 destinada a aquelas e aqueles jovens militantes de todos os setores, dirigentes e coordenadores locais, regionais e estaduais e trabalhadores das cooperativas, associa\u00e7\u00f5es e escolas dos nosso territ\u00f3rio. Se somar\u00e1 a n\u00f3s jovens das organiza\u00e7\u00f5es da VIA Campesina e do Levante Popular da Juventude, que estejam organicamente ligado \u00e0s tarefas e a constru\u00e7\u00e3o das organiza\u00e7\u00f5es;<\/p>\n<p>A metodologia ser\u00e1 circunstanciada pelo momento de crise sanit\u00e1ria. depender\u00e1 de esfor\u00e7o individual para seguir o roteiro de estudos e se manter firme at\u00e9 o final do processo de forma\u00e7\u00e3o. Mas tamb\u00e9m ser\u00e1 um esfor\u00e7o coletivo organizando grupos de estudo para as tarefas e experimentando na pr\u00e1tica, nos acampamentos e assentamentos, os aprendizados e li\u00e7\u00f5es dos encontros virtuais. Ser\u00e3o ao todo 08 encontros virtuais, com 2h30 de dura\u00e7\u00e3o. Com aula expositiva, atividades em grupo, e debate em plen\u00e1ria. Apoiaremos as aulas expositivas em materiais de subs\u00eddio como filmes, curtas, podcast, textos, \u00e1udios que ser\u00e3o disponibilizados pela Plataforma Forma\u00e7\u00e3o em tempos de Pandemia e pelo grupo de Whatsapp criado para este fim.<\/p>\n<p>No nosso \u201cTempo Comunidade\u201d, aqueles momentos em que seremos provocados a ir para a realidade que nos rodeia e buscar transform\u00e1-la, Desenvolvendo tarefas reflexivas e colaborativas viveiros, c\u00edrculos de literatura, experi\u00eancias do ateli\u00eas populares, etc. orientadas e acompanhadas pela Coordena\u00e7\u00e3o do curso e pelo educador do m\u00f3dulo. Como o conhecimento vem do exerc\u00edcio cognitivo \u201cReflex\u00e3o &#8211; A\u00e7\u00e3o &#8211; Nova Reflex\u00e3o\u201d teremos dentro da nossa programa\u00e7\u00e3o da Escola espa\u00e7o para o Olhar da Juventude, relatando pelo resumos escrito os entendimentos, os sentimentos, as frustra\u00e7\u00f5es e os sonhos das e dos educandos e educandas da turma.<\/p>\n","category_list_v2":"","author_info_v2":{"name":"fernanda costa","url":"https:\/\/formacaoemmovimento.org.br\/?author=10"},"comments_num_v2":"0 coment\u00e1rio","_links":{"self":[{"href":"https:\/\/formacaoemmovimento.org.br\/index.php?rest_route=\/wp\/v2\/pages\/3203","targetHints":{"allow":["GET"]}}],"collection":[{"href":"https:\/\/formacaoemmovimento.org.br\/index.php?rest_route=\/wp\/v2\/pages"}],"about":[{"href":"https:\/\/formacaoemmovimento.org.br\/index.php?rest_route=\/wp\/v2\/types\/page"}],"author":[{"embeddable":true,"href":"https:\/\/formacaoemmovimento.org.br\/index.php?rest_route=\/wp\/v2\/users\/10"}],"replies":[{"embeddable":true,"href":"https:\/\/formacaoemmovimento.org.br\/index.php?rest_route=%2Fwp%2Fv2%2Fcomments&post=3203"}],"version-history":[{"count":6,"href":"https:\/\/formacaoemmovimento.org.br\/index.php?rest_route=\/wp\/v2\/pages\/3203\/revisions"}],"predecessor-version":[{"id":3696,"href":"https:\/\/formacaoemmovimento.org.br\/index.php?rest_route=\/wp\/v2\/pages\/3203\/revisions\/3696"}],"up":[{"embeddable":true,"href":"https:\/\/formacaoemmovimento.org.br\/index.php?rest_route=\/wp\/v2\/pages\/1143"}],"wp:featuredmedia":[{"embeddable":true,"href":"https:\/\/formacaoemmovimento.org.br\/index.php?rest_route=\/wp\/v2\/media\/3688"}],"wp:attachment":[{"href":"https:\/\/formacaoemmovimento.org.br\/index.php?rest_route=%2Fwp%2Fv2%2Fmedia&parent=3203"}],"curies":[{"name":"wp","href":"https:\/\/api.w.org\/{rel}","templated":true}]}}