{"id":3030,"date":"2021-11-08T18:24:46","date_gmt":"2021-11-08T21:24:46","guid":{"rendered":"https:\/\/formacaoemmovimento.org.br\/?page_id=3030"},"modified":"2025-06-17T16:44:44","modified_gmt":"2025-06-17T19:44:44","slug":"metodo-de-marx","status":"publish","type":"page","link":"https:\/\/formacaoemmovimento.org.br\/?page_id=3030","title":{"rendered":"M\u00c9TODO DE MARX"},"content":{"rendered":"\n<div class=\"alignfull wp-block-ugb-text ugb-text ugb-491e63f ugb-text--design-plain ugb-text--columns-1 ugb-main-block ugb-main-block--inner-center ugb--has-block-background\"><style>.ugb-491e63f .ugb-text__title{color:var(--theme-palette-color-1,#d80909);text-align:left}.ugb-491e63f .ugb-text__text p{font-family:\"Roboto\",Sans-serif !important;font-size:35px !important;font-weight:700 !important;color:var(--theme-palette-color-1,#d80909)}.ugb-491e63f .ugb-inner-block{text-align:left}.ugb-491e63f.ugb-text{background-color:var(--theme-palette-color-8,#ffffff)}.ugb-491e63f.ugb-text:before{background-color:var(--theme-palette-color-8,#ffffff)}@media screen and (min-width:768px){.ugb-491e63f.ugb-text{padding-top:0px !important;padding-right:35px !important;padding-bottom:26px !important;padding-left:35px !important}}@media screen and (max-width:768px){.ugb-491e63f .ugb-text__text p{font-size:20px !important}}<\/style><div class=\"ugb-inner-block ugb-inner-block--center\"><div class=\"ugb-block-content\"><div class=\"ugb-text__title-wrapper\"><h2 class=\"ugb-text__title\">ESTUDO DO M\u00c9TODO DE MARX<\/h2><\/div><div class=\"ugb-text__text-wrapper\"><div class=\"ugb-text__text\"><p class=\"ugb-text__text-1\"><\/p><\/div><\/div><\/div><\/div><\/div>\n\n\n\n<div class=\"wp-block-ugb-expand ugb-expand ugb-2670207 ugb-expand--v2 ugb-main-block\" aria-expanded=\"false\"><style>.ugb-2670207 .ugb-expand__less-text p,.ugb-2670207 .ugb-expand__more-text p{font-size:18px !important}<\/style><div class=\"ugb-inner-block\"><div class=\"ugb-block-content\"><h4 class=\"ugb-expand__title\">Apresenta\u00e7\u00e3o<\/h4><div class=\"ugb-expand__less-text\"><p>\u00c9 quase unanime afirmar que o tema do&nbsp;<em>m\u00e9todo de Marx<\/em>&nbsp;se constitui como uma seara de estudos de relev\u00e2ncia especial e fundamental para o desenvolvimento da teoria marxista. Estamos nos referindo aqui ao&nbsp;<em>materialismo hist\u00f3rico dial\u00e9tico<\/em>&nbsp;como base filos\u00f3fica, como l\u00f3gica de organiza\u00e7\u00e3o e estrutura\u00e7\u00e3o do pensamento, entendido como corrente da filosofia, sem deixar de destacar tamb\u00e9m a import\u00e2ncia desse m\u00e9todo, por sua natureza, como um instrumental essencial de toda pesquisa cient\u00edfica que se distingue da ci\u00eancia burguesa.<\/p><p>Para o professor Jos\u00e9 Paulo Neto, que estar\u00e1 presente em uma das sess\u00f5es de trabalho em nosso programa de estudo, a quest\u00e3o do m\u00e9todo se apresenta como um n\u00f3 de problemas. E, neste caso, problemas que n\u00e3o se devem apenas \u00e0 raz\u00f5es de natureza te\u00f3rica e\/ou filos\u00f3fica: devem-se igualmente \u00e0 raz\u00f5es ideopol\u00edticas \u2013 na medida em que a teoria social de Marx se vincula a um projeto revolucion\u00e1rio.<\/p><\/div><div class=\"ugb-expand__more-text\" style=\"display:none\"><p><\/p><\/div><div class=\"ugb-expand__toggle-wrapper\"><a class=\"ugb-expand__toggle\" href=\"#\"><span class=\"ugb-expand__more-toggle-text\">Mostrar mais <br><\/span><span class=\"ugb-expand__less-toggle-text\" style=\"display:none\">Mostrar menos<br>Se deixarmos Marx falar, dir\u00e1 que \u201cmeu m\u00e9todo dial\u00e9tico, por seu fundamento, n\u00e3o s\u00f3 difere do m\u00e9todo hegeliano, como tamb\u00e9m \u00e9 a ele inteiramente oposto. Para Hegel, o processo do pensamento &#8211; que ele transforma em um sujeito aut\u00f4nomo sob o nome de ideia, &#8211; \u00e9 o criador do real, e o real \u00e9 apenas sua apari\u00e7\u00e3o externa. Para mim, ao contr\u00e1rio, o ideal n\u00e3o \u00e9 mais do que o material transposto para a cabe\u00e7a do ser humano e por ela interpretado\u201d . (MARX, K. Para a cr\u00edtica da economia pol\u00edtica)<br>Portanto, o objetivo central deste nosso programa de estudo \u00e9 oferecer aos participantes um roteiro, um caminho, e, se quiserem, um m\u00e9todo, para tomarmos ci\u00eancia e consci\u00eancia da import\u00e2ncia e relev\u00e2ncia da tem\u00e1tica do \u201c<em>m\u00e9todo de Marx<\/em>\u201d. Por isso que, como parte do programa, em cada sess\u00e3o, al\u00e9m de oferecermos textos em que esse fundamental pensador alem\u00e3o indica quest\u00f5es acerca do seu m\u00e9todo, ser\u00e3o indicados textos marxianos, cujos textos complementam o debate sobre o m\u00e9todo marxista, como Leo Kofler, Gyorg Luk\u00e1cs e outros.<br>\u00c9 evidente que o programa n\u00e3o esgota as possibilidades de aproxima\u00e7\u00e3o ao nosso objeto, mas \u00e9 um convite para fazermos essa caminhada no estudo e no aprofundamento te\u00f3rico, para uma ci\u00eancia emancipadora da classe trabalhadora, como queria Marx. \u00c9 para isso que apostamos no estudo.<\/span><\/a><\/div><\/div><\/div><\/div>\n\n\n\n<div class=\"wp-block-ugb-blog-posts ugb-blog-posts ugb-2898406 ugb-blog-posts--v2 ugb-blog-posts--design-basic ugb-blog-posts--columns-1 ugb-main-block ugb--has-bottom-separator\"><style>.ugb-2898406 .ugb-blog-posts__featured-image{border-radius:4px !important}.ugb-2898406 .ugb-blog-posts__title a{color:var(--theme-palette-color-3,#915656) !important}.ugb-2898406 .ugb-blog-posts__title a:hover{color:var(--theme-palette-color-1,#d80909) !important}.ugb-2898406 .ugb-blog-posts__title{margin-bottom:-50px !important}.ugb-2898406 .ugb-inner-block{text-align:left}.ugb-2898406 .ugb-block-title{font-family:\"Anton\",Sans-serif !important;font-weight:700 !important;color:var(--theme-palette-color-1,#d80909);margin-bottom:13px !important}@media screen and (min-width:768px){.ugb-2898406.ugb-blog-posts{padding-bottom:35px !important}}@media screen and (min-width:768px){.ugb-2898406 > .ugb-inner-block > .ugb-block-content > *{padding-top:0px !important;padding-bottom:0px !important;padding-right:0px !important;padding-left:0px !important}}<\/style><div class=\"ugb-bottom-separator\"><div class=\"ugb-separator-wrapper\"><svg xmlns=\"http:\/\/www.w3.org\/2000\/svg\" viewbox=\"0 0 1600 200\" filter=\"url(#straight-1-shadow_svg__a)\" enablebackground=\"new 0 0 1600 200\" class=\"ugb-separator__shadow\" preserveaspectratio=\"none\" aria-hidden=\"true\"><filter id=\"straight-1-shadow_svg__a\"><feGaussianBlur in=\"SourceAlpha\" stddeviation=\"4\"><\/feGaussianBlur><feComponentTransfer><feFuncA type=\"linear\" slope=\"0.4\"><\/feFuncA><\/feComponentTransfer><feMerge><feMergeNode><\/feMergeNode><feMergeNode in=\"SourceGraphic\"><\/feMergeNode><\/feMerge><\/filter><path d=\"M-10 121.6h1620v-16.4H-10z\"><\/path><\/svg><svg xmlns=\"http:\/\/www.w3.org\/2000\/svg\" viewbox=\"0 0 1600 200\" class=\"ugb-separator__layer-1\" preserveaspectratio=\"none\" aria-hidden=\"true\"><path d=\"M-10 210h1620V105.2H-10z\"><\/path><\/svg><\/div><\/div><div class=\"ugb-inner-block\"><h3 class=\"ugb-block-title\">Aulas<\/h3><div class=\"ugb-block-content\"><\/div><\/div><\/div>\n","protected":false},"excerpt":{"rendered":"<p>\u00c9 quase unanime afirmar que o tema do m\u00e9todo de Marx se constitui como uma seara de estudos de relev\u00e2ncia especial e fundamental para o desenvolvimento da teoria marxista. Estamos nos referindo aqui ao materialismo hist\u00f3rico dial\u00e9tico como base filos\u00f3fica, como l\u00f3gica de organiza\u00e7\u00e3o e estrutura\u00e7\u00e3o do pensamento, entendido como corrente da filosofia, sem deixar de destacar tamb\u00e9m a import\u00e2ncia desse m\u00e9todo, por sua natureza, como um instrumental essencial de toda pesquisa cient\u00edfica que se distingue da ci\u00eancia burguesa.<\/p>\n<p>Para o professor Jos\u00e9 Paulo Neto, que estar\u00e1 presente em uma das sess\u00f5es de trabalho em nosso programa de estudo, a quest\u00e3o do m\u00e9todo se apresenta como um n\u00f3 de problemas. E, neste caso, problemas que n\u00e3o se devem apenas \u00e0 raz\u00f5es de natureza te\u00f3rica e\/ou filos\u00f3fica: devem-se igualmente \u00e0 raz\u00f5es ideopol\u00edticas \u2013 na medida em que a teoria social de Marx se vincula a um projeto revolucion\u00e1rio.<\/p>\n","protected":false},"author":10,"featured_media":3667,"parent":1143,"menu_order":0,"comment_status":"closed","ping_status":"closed","template":"","meta":{"footnotes":""},"class_list":["post-3030","page","type-page","status-publish","has-post-thumbnail","hentry"],"blocksy_meta":{"styles_descriptor":{"styles":{"desktop":"","tablet":"","mobile":""},"google_fonts":[],"version":6}},"featured_image_urls_v2":{"full":["https:\/\/formacaoemmovimento.org.br\/wp-content\/uploads\/2021\/11\/Marx.jpg",1920,446,false],"thumbnail":["https:\/\/formacaoemmovimento.org.br\/wp-content\/uploads\/2021\/11\/Marx-150x150.jpg",150,150,true],"medium":["https:\/\/formacaoemmovimento.org.br\/wp-content\/uploads\/2021\/11\/Marx-300x70.jpg",300,70,true],"medium_large":["https:\/\/formacaoemmovimento.org.br\/wp-content\/uploads\/2021\/11\/Marx-768x178.jpg",768,178,true],"large":["https:\/\/formacaoemmovimento.org.br\/wp-content\/uploads\/2021\/11\/Marx-1024x238.jpg",1024,238,true],"1536x1536":["https:\/\/formacaoemmovimento.org.br\/wp-content\/uploads\/2021\/11\/Marx-1536x357.jpg",1536,357,true],"2048x2048":["https:\/\/formacaoemmovimento.org.br\/wp-content\/uploads\/2021\/11\/Marx.jpg",1920,446,false]},"post_excerpt_stackable_v2":"<p>\u00c9 quase unanime afirmar que o tema do m\u00e9todo de Marx se constitui como uma seara de estudos de relev\u00e2ncia especial e fundamental para o desenvolvimento da teoria marxista. Estamos nos referindo aqui ao materialismo hist\u00f3rico dial\u00e9tico como base filos\u00f3fica, como l\u00f3gica de organiza\u00e7\u00e3o e estrutura\u00e7\u00e3o do pensamento, entendido como corrente da filosofia, sem deixar de destacar tamb\u00e9m a import\u00e2ncia desse m\u00e9todo, por sua natureza, como um instrumental essencial de toda pesquisa cient\u00edfica que se distingue da ci\u00eancia burguesa.<\/p>\n<p>Para o professor Jos\u00e9 Paulo Neto, que estar\u00e1 presente em uma das sess\u00f5es de trabalho em nosso programa de estudo, a quest\u00e3o do m\u00e9todo se apresenta como um n\u00f3 de problemas. E, neste caso, problemas que n\u00e3o se devem apenas \u00e0 raz\u00f5es de natureza te\u00f3rica e\/ou filos\u00f3fica: devem-se igualmente \u00e0 raz\u00f5es ideopol\u00edticas \u2013 na medida em que a teoria social de Marx se vincula a um projeto revolucion\u00e1rio.<\/p>\n","category_list_v2":"","author_info_v2":{"name":"fernanda costa","url":"https:\/\/formacaoemmovimento.org.br\/?author=10"},"comments_num_v2":"0 coment\u00e1rio","_links":{"self":[{"href":"https:\/\/formacaoemmovimento.org.br\/index.php?rest_route=\/wp\/v2\/pages\/3030","targetHints":{"allow":["GET"]}}],"collection":[{"href":"https:\/\/formacaoemmovimento.org.br\/index.php?rest_route=\/wp\/v2\/pages"}],"about":[{"href":"https:\/\/formacaoemmovimento.org.br\/index.php?rest_route=\/wp\/v2\/types\/page"}],"author":[{"embeddable":true,"href":"https:\/\/formacaoemmovimento.org.br\/index.php?rest_route=\/wp\/v2\/users\/10"}],"replies":[{"embeddable":true,"href":"https:\/\/formacaoemmovimento.org.br\/index.php?rest_route=%2Fwp%2Fv2%2Fcomments&post=3030"}],"version-history":[{"count":9,"href":"https:\/\/formacaoemmovimento.org.br\/index.php?rest_route=\/wp\/v2\/pages\/3030\/revisions"}],"predecessor-version":[{"id":3833,"href":"https:\/\/formacaoemmovimento.org.br\/index.php?rest_route=\/wp\/v2\/pages\/3030\/revisions\/3833"}],"up":[{"embeddable":true,"href":"https:\/\/formacaoemmovimento.org.br\/index.php?rest_route=\/wp\/v2\/pages\/1143"}],"wp:featuredmedia":[{"embeddable":true,"href":"https:\/\/formacaoemmovimento.org.br\/index.php?rest_route=\/wp\/v2\/media\/3667"}],"wp:attachment":[{"href":"https:\/\/formacaoemmovimento.org.br\/index.php?rest_route=%2Fwp%2Fv2%2Fmedia&parent=3030"}],"curies":[{"name":"wp","href":"https:\/\/api.w.org\/{rel}","templated":true}]}}

MÉTODO DE MARX

<div class="alignfull wp-block-ugb-text ugb-text ugb-491e63f ugb-text--design-plain ugb-text--columns-1 ugb-main-block ugb-main-block--inner-center ugb--has-block-background"><style>.ugb-491e63f .ugb-text__title{color:var(--theme-palette-color-1,#d80909);text-align:left}.ugb-491e63f .ugb-text__text p{font-family:"Roboto",Sans-serif !important;font-size:35px !important;font-weight:700 !important;color:var(--theme-palette-color-1,#d80909)}.ugb-491e63f .ugb-inner-block{text-align:left}.ugb-491e63f.ugb-text{background-color:var(--theme-palette-color-8,#ffffff)}.ugb-491e63f.ugb-text:before{background-color:var(--theme-palette-color-8,#ffffff)}@media screen and (min-width:768px){.ugb-491e63f.ugb-text{padding-top:0px !important;padding-right:35px !important;padding-bottom:26px !important;padding-left:35px !important}}@media screen and (max-width:768px){.ugb-491e63f .ugb-text__text p{font-size:20px !important}}</style><div class="ugb-inner-block ugb-inner-block--center"><div class="ugb-block-content"><div class="ugb-text__title-wrapper"><h2 class="ugb-text__title">ESTUDO DO MÉTODO DE MARX</h2></div><div class="ugb-text__text-wrapper"><div class="ugb-text__text"><p class="ugb-text__text-1"></p></div></div></div></div></div>



<div class="wp-block-ugb-expand ugb-expand ugb-2670207 ugb-expand--v2 ugb-main-block" aria-expanded="false"><style>.ugb-2670207 .ugb-expand__less-text p,.ugb-2670207 .ugb-expand__more-text p{font-size:18px !important}</style><div class="ugb-inner-block"><div class="ugb-block-content"><h4 class="ugb-expand__title">Apresentação</h4><div class="ugb-expand__less-text"><p>É quase unanime afirmar que o tema do&nbsp;<em>método de Marx</em>&nbsp;se constitui como uma seara de estudos de relevância especial e fundamental para o desenvolvimento da teoria marxista. Estamos nos referindo aqui ao&nbsp;<em>materialismo histórico dialético</em>&nbsp;como base filosófica, como lógica de organização e estruturação do pensamento, entendido como corrente da filosofia, sem deixar de destacar também a importância desse método, por sua natureza, como um instrumental essencial de toda pesquisa científica que se distingue da ciência burguesa.</p><p>Para o professor José Paulo Neto, que estará presente em uma das sessões de trabalho em nosso programa de estudo, a questão do método se apresenta como um nó de problemas. E, neste caso, problemas que não se devem apenas à razões de natureza teórica e/ou filosófica: devem-se igualmente à razões ideopolíticas – na medida em que a teoria social de Marx se vincula a um projeto revolucionário.</p></div><div class="ugb-expand__more-text" style="display:none"><p></p></div><div class="ugb-expand__toggle-wrapper"><a class="ugb-expand__toggle" href="#"><span class="ugb-expand__more-toggle-text">Mostrar mais <br></span><span class="ugb-expand__less-toggle-text" style="display:none">Mostrar menos<br>Se deixarmos Marx falar, dirá que “meu método dialético, por seu fundamento, não só difere do método hegeliano, como também é a ele inteiramente oposto. Para Hegel, o processo do pensamento &#8211; que ele transforma em um sujeito autônomo sob o nome de ideia, &#8211; é o criador do real, e o real é apenas sua aparição externa. Para mim, ao contrário, o ideal não é mais do que o material transposto para a cabeça do ser humano e por ela interpretado” . (MARX, K. Para a crítica da economia política)<br>Portanto, o objetivo central deste nosso programa de estudo é oferecer aos participantes um roteiro, um caminho, e, se quiserem, um método, para tomarmos ciência e consciência da importância e relevância da temática do “<em>método de Marx</em>”. Por isso que, como parte do programa, em cada sessão, além de oferecermos textos em que esse fundamental pensador alemão indica questões acerca do seu método, serão indicados textos marxianos, cujos textos complementam o debate sobre o método marxista, como Leo Kofler, Gyorg Lukács e outros.<br>É evidente que o programa não esgota as possibilidades de aproximação ao nosso objeto, mas é um convite para fazermos essa caminhada no estudo e no aprofundamento teórico, para uma ciência emancipadora da classe trabalhadora, como queria Marx. É para isso que apostamos no estudo.</span></a></div></div></div></div>



<div class="wp-block-ugb-blog-posts ugb-blog-posts ugb-2898406 ugb-blog-posts--v2 ugb-blog-posts--design-basic ugb-blog-posts--columns-1 ugb-main-block ugb--has-bottom-separator"><style>.ugb-2898406 .ugb-blog-posts__featured-image{border-radius:4px !important}.ugb-2898406 .ugb-blog-posts__title a{color:var(--theme-palette-color-3,#915656) !important}.ugb-2898406 .ugb-blog-posts__title a:hover{color:var(--theme-palette-color-1,#d80909) !important}.ugb-2898406 .ugb-blog-posts__title{margin-bottom:-50px !important}.ugb-2898406 .ugb-inner-block{text-align:left}.ugb-2898406 .ugb-block-title{font-family:"Anton",Sans-serif !important;font-weight:700 !important;color:var(--theme-palette-color-1,#d80909);margin-bottom:13px !important}@media screen and (min-width:768px){.ugb-2898406.ugb-blog-posts{padding-bottom:35px !important}}@media screen and (min-width:768px){.ugb-2898406 > .ugb-inner-block > .ugb-block-content > *{padding-top:0px !important;padding-bottom:0px !important;padding-right:0px !important;padding-left:0px !important}}</style><div class="ugb-bottom-separator"><div class="ugb-separator-wrapper"><svg xmlns="http://www.w3.org/2000/svg" viewbox="0 0 1600 200" filter="url(#straight-1-shadow_svg__a)" enablebackground="new 0 0 1600 200" class="ugb-separator__shadow" preserveaspectratio="none" aria-hidden="true"><filter id="straight-1-shadow_svg__a"><feGaussianBlur in="SourceAlpha" stddeviation="4"></feGaussianBlur><feComponentTransfer><feFuncA type="linear" slope="0.4"></feFuncA></feComponentTransfer><feMerge><feMergeNode></feMergeNode><feMergeNode in="SourceGraphic"></feMergeNode></feMerge></filter><path d="M-10 121.6h1620v-16.4H-10z"></path></svg><svg xmlns="http://www.w3.org/2000/svg" viewbox="0 0 1600 200" class="ugb-separator__layer-1" preserveaspectratio="none" aria-hidden="true"><path d="M-10 210h1620V105.2H-10z"></path></svg></div></div><div class="ugb-inner-block"><h3 class="ugb-block-title">Aulas</h3><div class="ugb-block-content"></div></div></div>

<p>É quase unanime afirmar que o tema do método de Marx se constitui como uma seara de estudos de relevância especial e fundamental para o desenvolvimento da teoria marxista. Estamos nos referindo aqui ao materialismo histórico dialético como base filosófica, como lógica de organização e estruturação do pensamento, entendido como corrente da filosofia, sem deixar de destacar também a importância desse método, por sua natureza, como um instrumental essencial de toda pesquisa científica que se distingue da ciência burguesa.</p>
<p>Para o professor José Paulo Neto, que estará presente em uma das sessões de trabalho em nosso programa de estudo, a questão do método se apresenta como um nó de problemas. E, neste caso, problemas que não se devem apenas à razões de natureza teórica e/ou filosófica: devem-se igualmente à razões ideopolíticas – na medida em que a teoria social de Marx se vincula a um projeto revolucionário.</p>

0 comentário
