{"id":2311,"date":"2021-10-25T15:22:01","date_gmt":"2021-10-25T18:22:01","guid":{"rendered":"https:\/\/formacaoemmovimento.org.br\/?page_id=2311"},"modified":"2025-06-17T16:46:28","modified_gmt":"2025-06-17T19:46:28","slug":"antonio-gramsci","status":"publish","type":"page","link":"https:\/\/formacaoemmovimento.org.br\/?page_id=2311","title":{"rendered":"Ant\u00f4nio Gramsci"},"content":{"rendered":"\n<div class=\"wp-block-getwid-section getwid-section-content-full-width\"><div class=\"wp-block-getwid-section__wrapper\"><div class=\"wp-block-getwid-section__inner-wrapper\"><div class=\"wp-block-getwid-section__background-holder\"><div class=\"wp-block-getwid-section__background\"><\/div><div class=\"wp-block-getwid-section__foreground\"><\/div><\/div><div class=\"wp-block-getwid-section__content\"><div class=\"wp-block-getwid-section__inner-content\">\n<div class=\"alignfull wp-block-ugb-text ugb-text ugb-491e63f ugb-text--design-plain ugb-text--columns-1 ugb-main-block ugb-main-block--inner-full ugb--has-block-background\"><style>.ugb-491e63f .ugb-text__title{font-size:44px !important;text-align:left}.ugb-491e63f .ugb-text__text p{font-family:\"Roboto\",Sans-serif !important;font-size:19px !important;font-weight:700 !important;color:var(--theme-palette-color-1,#d80909);text-align:left}.ugb-491e63f .ugb-inner-block{text-align:center}.ugb-491e63f.ugb-text{background-color:var(--theme-palette-color-8,#ffffff)}.ugb-491e63f.ugb-text:before{background-color:var(--theme-palette-color-8,#ffffff)}@media screen and (min-width:768px){.ugb-491e63f.ugb-text{margin-bottom:50px !important;padding-top:0px !important;padding-right:35px !important;padding-bottom:26px !important;padding-left:35px !important}}@media screen and (max-width:768px){.ugb-491e63f .ugb-text__text p{font-size:20px !important}.ugb-491e63f.ugb-text{margin-bottom:14px !important}}<\/style><div class=\"ugb-inner-block ugb-inner-block--full\"><div class=\"ugb-block-content\"><div class=\"ugb-text__title-wrapper\"><h1 class=\"ugb-text__title\">Ant\u00f4nio Gramsci<\/h1><\/div><div class=\"ugb-text__text-wrapper\"><div class=\"ugb-text__text\"><p class=\"ugb-text__text-1\"><\/p><\/div><\/div><\/div><\/div><\/div>\n\n\n\n<div class=\"wp-block-ugb-expand ugb-expand ugb-eb39dc9 ugb-expand--v2 ugb-main-block\" aria-expanded=\"false\"><style>.ugb-eb39dc9 .ugb-expand__less-text p,.ugb-eb39dc9 .ugb-expand__more-text p{font-family:\"Roboto\",Sans-serif !important;font-size:19px !important}.ugb-eb39dc9 .ugb-expand__more-toggle-text,.ugb-eb39dc9 .ugb-expand__less-toggle-text{font-size:15px !important}<\/style><div class=\"ugb-inner-block\"><div class=\"ugb-block-content\"><div class=\"ugb-expand__less-text\"><p>Em momentos em que o mundo passa por uma grave pandemia, agrava-se tamb\u00e9m a situa\u00e7\u00e3o econ\u00f4mica, social e de sa\u00fade da classe trabalhadora. Para superar o conjunto destas crises, a busca do conhecimento continua sendo uma necessidade vital.<\/p><\/div><div class=\"ugb-expand__more-text\" style=\"display:none\"><p>Recebemos muitas informa\u00e7\u00f5es dos mais variados aspectos. Contudo, o processo formativo passa pela luta que travamos em defesa dos direitos da classe trabalhadora. Passa pelos cuidados, pela solidariedade e pelo conhecimento sistematizado.<\/p><p>Por isso, a conjuntura nos chama novamente para esse experimento em organizar grupos de estudo <em>Online <\/em>e, dentro dessa experi\u00eancia, desenvolver uma Comunidade Virtual de Estudossobre Ant\u00f4nio Gramsci<em>, <\/em>com textos de leitura pr\u00e9via, v\u00eddeoaulas gravadas e encontros virtuais para debates, sempre com a intermedia\u00e7\u00e3o de assessoria versada nesse importante pensador que, muito tem a nos ensinar na atualidade.Todos os materiais e informa\u00e7\u00f5es estar\u00e3o dispon\u00edveis aqui na p\u00e1gina, tanto nas aba Gramsci acima, quanto nesta p\u00e1gina inicial, mais abaixo.<\/p><p><em><strong>Teremos 4 momentos de encontro, contando com um encontro para cada tema e um ultimo, que \u00e9 de apontamentos gerais dos tr\u00eas encontros anteriores, com proje\u00e7\u00f5es para novos estudos<\/strong><\/em><\/p><p>Nos encontros, teremos a participa\u00e7\u00e3o de uma assessoria que far\u00e1 uma introdu\u00e7\u00e3o dos textos que cada um do grupo j\u00e1 ter\u00e1 lido. Logo ap\u00f3s, abre-se para reflex\u00f5es, quest\u00f5es e aportes da leitura realizada. Com dura\u00e7\u00e3o m\u00e1xima de uma hora e trinta cada encontro.<\/p><p>Para cada encontro teremos os textos dispon\u00edveis na p\u00e1gina. Os encontros <em>Online,<\/em> acontecer\u00e3o via a plataforma Zoom, quinzenalmente. A partir das informa\u00e7\u00f5es concedidas nas inscri\u00e7\u00f5es, formaremos um grupo de WhatsApp, para as comunica\u00e7\u00f5es referentes a hor\u00e1rios e dias dos encontros. Assim nos comunicaremos em tempos de pandemia.<\/p><p><strong>Eixos tem\u00e1ticos de nosso curso<\/strong><\/p><p><em><strong>1. <\/strong>A forma\u00e7\u00e3o social brasileira e a import\u00e2ncia das categorias de Gramsci para sua an\u00e1lise;<\/em><\/p><p><em><strong>2. <\/strong>Hegemonia, Estado ampliado, sociedade civil e democracia no Brasil: Gramsci e a contemporaneidade da realidade brasileira;<\/em><\/p><p><em><strong>3. <\/strong>O pensamento neoconservador no Brasil e as contribui\u00e7\u00f5es de Gramsci: debate sobre fascismo e neofascismo.<\/em><\/p><\/div><div class=\"ugb-expand__toggle-wrapper\"><a class=\"ugb-expand__toggle\" href=\"#\"><span class=\"ugb-expand__more-toggle-text\"><strong>Mostrar mais<\/strong><\/span><span class=\"ugb-expand__less-toggle-text\" style=\"display:none\"><strong>Mostrar menos<\/strong><\/span><\/a><\/div><\/div><\/div><\/div>\n<\/div><\/div><\/div><\/div><\/div>\n\n\n\n<div class=\"wp-block-ugb-blog-posts ugb-blog-posts ugb-2898406 ugb-blog-posts--v2 ugb-blog-posts--design-basic ugb-blog-posts--columns-1 ugb-main-block\"><style>.ugb-2898406 .ugb-blog-posts__featured-image{border-radius:4px !important}.ugb-2898406 .ugb-blog-posts__title a{color:var(--theme-palette-color-3,#915656) !important}.ugb-2898406 .ugb-blog-posts__title a:hover{opacity:0.8}.ugb-2898406 .ugb-blog-posts__title{font-family:\"Anton\",Sans-serif !important;font-size:16px !important;margin-bottom:-50px !important}.ugb-2898406 .ugb-inner-block{text-align:left}.ugb-2898406 .ugb-block-title{font-family:\"anton\",Sans-serif !important;font-weight:700 !important;color:var(--theme-palette-color-1,#d80909);margin-bottom:29px !important}<\/style><div class=\"ugb-inner-block\"><h3 class=\"ugb-block-title\">Aulas<\/h3><div class=\"ugb-block-content\"><article class=\"ugb-blog-posts__item\"><div class=\"ugb-blog-posts__content\"><h6 class=\"ugb-blog-posts__title\"><a href=\"https:\/\/formacaoemmovimento.org.br\/?p=2316\">Aula 1 | Introdu\u00e7\u00e3o : Apresentando as ideias<\/a><\/h6><\/div><\/article><\/div><\/div><\/div>\n\n\n\n<p><\/p>\n","protected":false},"excerpt":{"rendered":"<p>Em momentos em que o mundo passa por uma grave pandemia, agrava-se tambe\u0301m a situac\u0327a\u0303o econo\u0302mica, social e de sau\u0301de da classe trabalhadora. Para superar o conjunto destas crises, a busca do conhecimento continua sendo uma necessidade vital.<\/p>\n<p>Recebemos muitas informac\u0327o\u0303es dos mais variados aspectos. Contudo, o processo formativo passa pela luta que travamos em defesa dos direitos da classe trabalhadora. Passa pelos cuidados, pela solidariedade e pelo conhecimento sistematizado.\t\t<\/p>\n","protected":false},"author":7,"featured_media":4599,"parent":1143,"menu_order":0,"comment_status":"closed","ping_status":"closed","template":"","meta":{"footnotes":""},"class_list":["post-2311","page","type-page","status-publish","has-post-thumbnail","hentry"],"blocksy_meta":{"styles_descriptor":{"styles":{"desktop":"","tablet":"","mobile":""},"google_fonts":[],"version":6}},"featured_image_urls_v2":{"full":["https:\/\/formacaoemmovimento.org.br\/wp-content\/uploads\/2021\/12\/GRAMSCI.jpg",1920,446,false],"thumbnail":["https:\/\/formacaoemmovimento.org.br\/wp-content\/uploads\/2021\/12\/GRAMSCI-150x150.jpg",150,150,true],"medium":["https:\/\/formacaoemmovimento.org.br\/wp-content\/uploads\/2021\/12\/GRAMSCI-300x70.jpg",300,70,true],"medium_large":["https:\/\/formacaoemmovimento.org.br\/wp-content\/uploads\/2021\/12\/GRAMSCI-768x178.jpg",768,178,true],"large":["https:\/\/formacaoemmovimento.org.br\/wp-content\/uploads\/2021\/12\/GRAMSCI-1024x238.jpg",1024,238,true],"1536x1536":["https:\/\/formacaoemmovimento.org.br\/wp-content\/uploads\/2021\/12\/GRAMSCI-1536x357.jpg",1536,357,true],"2048x2048":["https:\/\/formacaoemmovimento.org.br\/wp-content\/uploads\/2021\/12\/GRAMSCI.jpg",1920,446,false]},"post_excerpt_stackable_v2":"<p>Em momentos em que o mundo passa por uma grave pandemia, agrava-se tambe\u0301m a situac\u0327a\u0303o econo\u0302mica, social e de sau\u0301de da classe trabalhadora. Para superar o conjunto destas crises, a busca do conhecimento continua sendo uma necessidade vital.<\/p>\n<p>Recebemos muitas informac\u0327o\u0303es dos mais variados aspectos. Contudo, o processo formativo passa pela luta que travamos em defesa dos direitos da classe trabalhadora. Passa pelos cuidados, pela solidariedade e pelo conhecimento sistematizado.\t\t<\/p>\n","category_list_v2":"","author_info_v2":{"name":"Jo\u00e3oVitor","url":"https:\/\/formacaoemmovimento.org.br\/?author=7"},"comments_num_v2":"0 coment\u00e1rio","_links":{"self":[{"href":"https:\/\/formacaoemmovimento.org.br\/index.php?rest_route=\/wp\/v2\/pages\/2311","targetHints":{"allow":["GET"]}}],"collection":[{"href":"https:\/\/formacaoemmovimento.org.br\/index.php?rest_route=\/wp\/v2\/pages"}],"about":[{"href":"https:\/\/formacaoemmovimento.org.br\/index.php?rest_route=\/wp\/v2\/types\/page"}],"author":[{"embeddable":true,"href":"https:\/\/formacaoemmovimento.org.br\/index.php?rest_route=\/wp\/v2\/users\/7"}],"replies":[{"embeddable":true,"href":"https:\/\/formacaoemmovimento.org.br\/index.php?rest_route=%2Fwp%2Fv2%2Fcomments&post=2311"}],"version-history":[{"count":7,"href":"https:\/\/formacaoemmovimento.org.br\/index.php?rest_route=\/wp\/v2\/pages\/2311\/revisions"}],"predecessor-version":[{"id":4610,"href":"https:\/\/formacaoemmovimento.org.br\/index.php?rest_route=\/wp\/v2\/pages\/2311\/revisions\/4610"}],"up":[{"embeddable":true,"href":"https:\/\/formacaoemmovimento.org.br\/index.php?rest_route=\/wp\/v2\/pages\/1143"}],"wp:featuredmedia":[{"embeddable":true,"href":"https:\/\/formacaoemmovimento.org.br\/index.php?rest_route=\/wp\/v2\/media\/4599"}],"wp:attachment":[{"href":"https:\/\/formacaoemmovimento.org.br\/index.php?rest_route=%2Fwp%2Fv2%2Fmedia&parent=2311"}],"curies":[{"name":"wp","href":"https:\/\/api.w.org\/{rel}","templated":true}]}}

Antônio Gramsci

<div class="wp-block-getwid-section getwid-section-content-full-width"><div class="wp-block-getwid-section__wrapper"><div class="wp-block-getwid-section__inner-wrapper"><div class="wp-block-getwid-section__background-holder"><div class="wp-block-getwid-section__background"></div><div class="wp-block-getwid-section__foreground"></div></div><div class="wp-block-getwid-section__content"><div class="wp-block-getwid-section__inner-content">
<div class="alignfull wp-block-ugb-text ugb-text ugb-491e63f ugb-text--design-plain ugb-text--columns-1 ugb-main-block ugb-main-block--inner-full ugb--has-block-background"><style>.ugb-491e63f .ugb-text__title{font-size:44px !important;text-align:left}.ugb-491e63f .ugb-text__text p{font-family:"Roboto",Sans-serif !important;font-size:19px !important;font-weight:700 !important;color:var(--theme-palette-color-1,#d80909);text-align:left}.ugb-491e63f .ugb-inner-block{text-align:center}.ugb-491e63f.ugb-text{background-color:var(--theme-palette-color-8,#ffffff)}.ugb-491e63f.ugb-text:before{background-color:var(--theme-palette-color-8,#ffffff)}@media screen and (min-width:768px){.ugb-491e63f.ugb-text{margin-bottom:50px !important;padding-top:0px !important;padding-right:35px !important;padding-bottom:26px !important;padding-left:35px !important}}@media screen and (max-width:768px){.ugb-491e63f .ugb-text__text p{font-size:20px !important}.ugb-491e63f.ugb-text{margin-bottom:14px !important}}</style><div class="ugb-inner-block ugb-inner-block--full"><div class="ugb-block-content"><div class="ugb-text__title-wrapper"><h1 class="ugb-text__title">Antônio Gramsci</h1></div><div class="ugb-text__text-wrapper"><div class="ugb-text__text"><p class="ugb-text__text-1"></p></div></div></div></div></div>



<div class="wp-block-ugb-expand ugb-expand ugb-eb39dc9 ugb-expand--v2 ugb-main-block" aria-expanded="false"><style>.ugb-eb39dc9 .ugb-expand__less-text p,.ugb-eb39dc9 .ugb-expand__more-text p{font-family:"Roboto",Sans-serif !important;font-size:19px !important}.ugb-eb39dc9 .ugb-expand__more-toggle-text,.ugb-eb39dc9 .ugb-expand__less-toggle-text{font-size:15px !important}</style><div class="ugb-inner-block"><div class="ugb-block-content"><div class="ugb-expand__less-text"><p>Em momentos em que o mundo passa por uma grave pandemia, agrava-se também a situação econômica, social e de saúde da classe trabalhadora. Para superar o conjunto destas crises, a busca do conhecimento continua sendo uma necessidade vital.</p></div><div class="ugb-expand__more-text" style="display:none"><p>Recebemos muitas informações dos mais variados aspectos. Contudo, o processo formativo passa pela luta que travamos em defesa dos direitos da classe trabalhadora. Passa pelos cuidados, pela solidariedade e pelo conhecimento sistematizado.</p><p>Por isso, a conjuntura nos chama novamente para esse experimento em organizar grupos de estudo <em>Online </em>e, dentro dessa experiência, desenvolver uma Comunidade Virtual de Estudossobre Antônio Gramsci<em>, </em>com textos de leitura prévia, vídeoaulas gravadas e encontros virtuais para debates, sempre com a intermediação de assessoria versada nesse importante pensador que, muito tem a nos ensinar na atualidade.Todos os materiais e informações estarão disponíveis aqui na página, tanto nas aba Gramsci acima, quanto nesta página inicial, mais abaixo.</p><p><em><strong>Teremos 4 momentos de encontro, contando com um encontro para cada tema e um ultimo, que é de apontamentos gerais dos três encontros anteriores, com projeções para novos estudos</strong></em></p><p>Nos encontros, teremos a participação de uma assessoria que fará uma introdução dos textos que cada um do grupo já terá lido. Logo após, abre-se para reflexões, questões e aportes da leitura realizada. Com duração máxima de uma hora e trinta cada encontro.</p><p>Para cada encontro teremos os textos disponíveis na página. Os encontros <em>Online,</em> acontecerão via a plataforma Zoom, quinzenalmente. A partir das informações concedidas nas inscrições, formaremos um grupo de WhatsApp, para as comunicações referentes a horários e dias dos encontros. Assim nos comunicaremos em tempos de pandemia.</p><p><strong>Eixos temáticos de nosso curso</strong></p><p><em><strong>1. </strong>A formação social brasileira e a importância das categorias de Gramsci para sua análise;</em></p><p><em><strong>2. </strong>Hegemonia, Estado ampliado, sociedade civil e democracia no Brasil: Gramsci e a contemporaneidade da realidade brasileira;</em></p><p><em><strong>3. </strong>O pensamento neoconservador no Brasil e as contribuições de Gramsci: debate sobre fascismo e neofascismo.</em></p></div><div class="ugb-expand__toggle-wrapper"><a class="ugb-expand__toggle" href="#"><span class="ugb-expand__more-toggle-text"><strong>Mostrar mais</strong></span><span class="ugb-expand__less-toggle-text" style="display:none"><strong>Mostrar menos</strong></span></a></div></div></div></div>
</div></div></div></div></div>



<div class="wp-block-ugb-blog-posts ugb-blog-posts ugb-2898406 ugb-blog-posts--v2 ugb-blog-posts--design-basic ugb-blog-posts--columns-1 ugb-main-block"><style>.ugb-2898406 .ugb-blog-posts__featured-image{border-radius:4px !important}.ugb-2898406 .ugb-blog-posts__title a{color:var(--theme-palette-color-3,#915656) !important}.ugb-2898406 .ugb-blog-posts__title a:hover{opacity:0.8}.ugb-2898406 .ugb-blog-posts__title{font-family:"Anton",Sans-serif !important;font-size:16px !important;margin-bottom:-50px !important}.ugb-2898406 .ugb-inner-block{text-align:left}.ugb-2898406 .ugb-block-title{font-family:"anton",Sans-serif !important;font-weight:700 !important;color:var(--theme-palette-color-1,#d80909);margin-bottom:29px !important}</style><div class="ugb-inner-block"><h3 class="ugb-block-title">Aulas</h3><div class="ugb-block-content"><article class="ugb-blog-posts__item"><div class="ugb-blog-posts__content"><h6 class="ugb-blog-posts__title"><a href="https://formacaoemmovimento.org.br/?p=2316">Aula 1 | Introdução : Apresentando as ideias</a></h6></div></article></div></div></div>



<p></p>

JoãoVitor

0 comentário
