{"id":1487,"date":"2021-08-11T19:32:54","date_gmt":"2021-08-11T22:32:54","guid":{"rendered":"https:\/\/formacaoemmovimento.org.br\/?page_id=1487"},"modified":"2025-06-17T16:46:28","modified_gmt":"2025-06-17T19:46:28","slug":"curso-sobre-ideologia","status":"publish","type":"page","link":"https:\/\/formacaoemmovimento.org.br\/?page_id=1487","title":{"rendered":"Curso Sobre Ideologia"},"content":{"rendered":"\n<p><\/p>\n\n\n\n<div class=\"alignfull wp-block-ugb-text ugb-text ugb-491e63f ugb-text--design-plain ugb-text--columns-1 ugb-main-block ugb-main-block--inner-center ugb--has-block-background\"><style>.ugb-491e63f .ugb-text__title{color:var(--theme-palette-color-1,#d80909);font-family:\"Anton\",Sans-serif !important;text-align:left}.ugb-491e63f .ugb-text__text p{font-family:\"Roboto\",Sans-serif !important;font-size:35px !important;font-weight:700 !important;color:#ffffff}.ugb-491e63f .ugb-inner-block{text-align:left}.ugb-491e63f.ugb-text{background-color:var(--theme-palette-color-8,#ffffff)}.ugb-491e63f.ugb-text:before{background-color:var(--theme-palette-color-8,#ffffff)}@media screen and (min-width:768px){.ugb-491e63f.ugb-text{padding-top:0px !important;padding-right:35px !important;padding-bottom:26px !important;padding-left:35px !important}}@media screen and (max-width:768px){.ugb-491e63f .ugb-text__text p{font-size:20px !important}}<\/style><div class=\"ugb-inner-block ugb-inner-block--center\"><div class=\"ugb-block-content\"><div class=\"ugb-text__title-wrapper\"><h2 class=\"ugb-text__title\">Curso Introdu\u00e7\u00e3o aos estudos sobre Ideologia<\/h2><\/div><div class=\"ugb-text__text-wrapper\"><div class=\"ugb-text__text\"><p class=\"ugb-text__text-1\"><\/p><\/div><\/div><\/div><\/div><\/div>\n\n\n\n<div class=\"wp-block-ugb-expand ugb-expand ugb-103eec9 ugb-expand--v2 ugb-main-block\" aria-expanded=\"false\"><div class=\"ugb-inner-block\"><div class=\"ugb-block-content\"><h4 class=\"ugb-expand__title\"><br><br>Apresenta\u00e7\u00e3o<\/h4><div class=\"ugb-expand__less-text\"><p><code>N\u00e3o \u00e9 preciso dizer que o conceito de ideologia \u00e9 pe\u00e7a fundamental para a compreens\u00e3o da teoria social \u00e9 inaugurada por Marx e Engels. Se houver um leque de categorias fundamentais, a ideologia deve necessariamente ser elencada na lista. Desde os primeiros momentos em que essa inaugura\u00e7\u00e3o ganhava corpo, a cr\u00edtica \u00e0 ideologia comparece na luta de Marx e Engels contra a filosofia do idealismo ou do velho materialismo, cujo principal registro encontra-se em A ideologia alem\u00e3, cujo t\u00edtulo por si s\u00f3 n\u00e3o nos deixa d\u00favidas quanto \u00e0 centralidade da categoria.<\/code><\/p><\/div><div class=\"ugb-expand__more-text\" style=\"display:none\"><p>Em torno dessa categoria, h\u00e1 desmembramentos conhecidos dos leitores iniciados em Marx, como a problem\u00e1tica da falsa consci\u00eancia, da rela\u00e7\u00e3o entre ideia e realidade, da no\u00e7\u00e3o de verdade, da ci\u00eancia, da determina\u00e7\u00e3o social do conhecimento, da tomada de posi\u00e7\u00e3o frente \u00e0s lutas de classes, da fun\u00e7\u00e3o social exercida pelos intelectuais, etc. Uma multiplicidade de rela\u00e7\u00f5es pode ser estabelecida \u00e0 exaust\u00e3o quando a no\u00e7\u00e3o de ideologia entra em debate.<\/p><p>No \u00e2mbito das ci\u00eancias sociais, especialmente as de car\u00e1ter burgu\u00eas, a refer\u00eancia ao conceito de ideologia tornou-se improv\u00e1vel, objetivamente imposs\u00edvel de ser realizada. Em particular se tivermos em conta o relativismo em que se embebe grande parte das ci\u00eancias de tal modelo. Sob a \u00f3tica de um relativista, em tese, cada indiv\u00edduo singular possui sua verdade pessoal, de acordo com seus valores mais \u00edntimos; n\u00e3o haveria, portanto, ide\u00f3logos, vinculados a determinados interesses de classe, que mistificam ou capturam uma verdade objetiva, pertencente \u00e0 realidade ela mesma, independente do ju\u00edzo que pessoalmente poder\u00edamos fazer a seu respeito. Por isso, o conceito de ideologia pertence ao terreno habitado por Marx e somente por ele.<\/p><p>Na tradi\u00e7\u00e3o marxista, a refer\u00eancia \u00e0 ideologia atualizou-se \u00e0 propor\u00e7\u00e3o em que a hist\u00f3ria impunha novas realidades. Vemos em Luk\u00e1cs e Gramsci, por exemplo, uma tentativa de incorporar \u00e0 categoria alguns elementos que transbordam a fronteira da falsa consci\u00eancia em estrito senso. Cada um \u00e0 sua maneira, ambos procuraram conferir \u00e0 ideologia um conjunto de aspectos que incluem a falsa consci\u00eancia, mas n\u00e3o apenas. Assim o fazem a partir mesmo de uma leitura fecunda dos textos de Marx, particularmente o pref\u00e1cio de 1859 \u00e0 Contribui\u00e7\u00e3o \u00e0 cr\u00edtica da economia pol\u00edtica.<\/p><p>Ademais, \u00e9 por meio dos estudos da ideologia que se pode tra\u00e7ar os caminhos percorridos pelo pensamento burgu\u00eas, desde o momento hist\u00f3rico em que a burguesia iluminista era a classe revolucion\u00e1ria e, portanto, a intelectualidade que se alinhava a ela estava em condi\u00e7\u00f5es de capturar a verdade processual da hist\u00f3ria, at\u00e9 o instante em que a burguesia se torna a classe conservadora, o que retira as condi\u00e7\u00f5es objetivas para que a ideologia produzida em seu seio seja dial\u00e9tica. Trata- se do fen\u00f4meno que Luk\u00e1cs descreve como sendo o processo de decad\u00eancia ideol\u00f3gica da burguesia. Isto \u00e9, com a ordem burguesa instaurada, estreitam-se as fronteiras no interior das quais atua a intelig\u00eancia burguesa, quando as condi\u00e7\u00f5es hist\u00f3ricas da burguesia conservadora n\u00e3o permitem mais que sua ideologia seja processual e verdadeiramente humanista.<\/p><p>Enfim, \u00e9 preciso igualmente observar a pertin\u00eancia de se afirmar o papel exercido pelas ideias no processo revolucion\u00e1rio. Nesse sentido, s\u00e3o valiosas as contribui\u00e7\u00f5es de M\u00e9sz\u00e1ros no que diz respeito ao poder da ideologia nos conflitos historicamente postos. Consiste em algo a ser destacado para que n\u00e3o se caia no princ\u00edpio f\u00e1cil e vulgarizador de que bastaria cruzar os bra\u00e7os e deixar que a hist\u00f3ria produza as transforma\u00e7\u00f5es por si s\u00f3, como conv\u00e9m ao positivismo que invade o marxismo de tempos em tempos. Afirmar a pertin\u00eancia da ideologia no processo transformador \u00e9 ao mesmo tempo afirmar o car\u00e1ter ativo das mulheres e dos homens que tomam os conflitos em m\u00e3os, levando-os \u00e0s \u00faltimas consequ\u00eancias.<\/p><p><\/p><\/div><div class=\"ugb-expand__toggle-wrapper\"><a class=\"ugb-expand__toggle\" href=\"#\"><span class=\"ugb-expand__more-toggle-text\">Mostrar mais<\/span><span class=\"ugb-expand__less-toggle-text\" style=\"display:none\">Mostrar menos<\/span><\/a><\/div><\/div><\/div><\/div>\n\n\n\n<div class=\"wp-block-ugb-blog-posts ugb-blog-posts ugb-2898406 ugb-blog-posts--v2 ugb-blog-posts--design-basic ugb-blog-posts--columns-1 ugb-main-block ugb--has-bottom-separator\"><style>.ugb-2898406 .ugb-blog-posts__featured-image{border-radius:4px !important}.ugb-2898406 .ugb-blog-posts__title a{color:var(--theme-palette-color-3,#915656) !important}.ugb-2898406 .ugb-blog-posts__title a:hover{opacity:0.8}.ugb-2898406 .ugb-blog-posts__title{font-family:\"Anton\",Sans-serif !important;font-size:16px !important;margin-bottom:-50px !important}.ugb-2898406 .ugb-inner-block{text-align:left}.ugb-2898406 .ugb-block-title{font-family:\"anton\",Sans-serif !important;font-weight:700 !important;color:var(--theme-palette-color-1,#d80909);margin-bottom:29px !important}@media screen and (min-width:768px){.ugb-2898406.ugb-blog-posts{padding-bottom:35px !important}}<\/style><div class=\"ugb-bottom-separator\"><div class=\"ugb-separator-wrapper\"><svg xmlns=\"http:\/\/www.w3.org\/2000\/svg\" viewbox=\"0 0 1600 200\" filter=\"url(#straight-1-shadow_svg__a)\" enablebackground=\"new 0 0 1600 200\" class=\"ugb-separator__shadow\" preserveaspectratio=\"none\" aria-hidden=\"true\"><filter id=\"straight-1-shadow_svg__a\"><feGaussianBlur in=\"SourceAlpha\" stddeviation=\"4\"><\/feGaussianBlur><feComponentTransfer><feFuncA type=\"linear\" slope=\"0.4\"><\/feFuncA><\/feComponentTransfer><feMerge><feMergeNode><\/feMergeNode><feMergeNode in=\"SourceGraphic\"><\/feMergeNode><\/feMerge><\/filter><path d=\"M-10 121.6h1620v-16.4H-10z\"><\/path><\/svg><svg xmlns=\"http:\/\/www.w3.org\/2000\/svg\" viewbox=\"0 0 1600 200\" class=\"ugb-separator__layer-1\" preserveaspectratio=\"none\" aria-hidden=\"true\"><path d=\"M-10 210h1620V105.2H-10z\"><\/path><\/svg><\/div><\/div><div class=\"ugb-inner-block\"><h3 class=\"ugb-block-title\">Aulas<\/h3><div class=\"ugb-block-content\"><article class=\"ugb-blog-posts__item\"><div class=\"ugb-blog-posts__content\"><h3 class=\"ugb-blog-posts__title\"><a href=\"https:\/\/formacaoemmovimento.org.br\/?p=1946\">Aula 1 | Ideologia em Marx<\/a><\/h3><\/div><\/article><article class=\"ugb-blog-posts__item\"><div class=\"ugb-blog-posts__content\"><h3 class=\"ugb-blog-posts__title\"><a href=\"https:\/\/formacaoemmovimento.org.br\/?p=1954\">Aula 2 | Ideologia em Gramsci<\/a><\/h3><\/div><\/article><article class=\"ugb-blog-posts__item\"><div class=\"ugb-blog-posts__content\"><h3 class=\"ugb-blog-posts__title\"><a href=\"https:\/\/formacaoemmovimento.org.br\/?p=1958\">Aula 3 | Ideologia em Luk\u00e1cs<\/a><\/h3><\/div><\/article><article class=\"ugb-blog-posts__item\"><div class=\"ugb-blog-posts__content\"><h3 class=\"ugb-blog-posts__title\"><a href=\"https:\/\/formacaoemmovimento.org.br\/?p=1962\">Aula 4 | A decad\u00eancia ideol\u00f3gica da burguesia<\/a><\/h3><\/div><\/article><article class=\"ugb-blog-posts__item\"><div class=\"ugb-blog-posts__content\"><h3 class=\"ugb-blog-posts__title\"><a href=\"https:\/\/formacaoemmovimento.org.br\/?p=1965\">Aula 5 | A fun\u00e7\u00e3o da ideologia no processo revolucion\u00e1rio<\/a><\/h3><\/div><\/article><\/div><\/div><\/div>\n","protected":false},"excerpt":{"rendered":"<p>A Escola Nacional Florestan Fernandes, em dedica\u00e7\u00e3o aos processos de forma\u00e7\u00e3o pol\u00edtica ideol\u00f3gica da<br \/>\nmilit\u00e2ncia, realizar\u00e1 entre os dias de 17 de agosto a 12 de outubro 2021 o Curso Introdu\u00e7\u00e3o aos<br \/>\nestudos sobre Ideologia. <\/p>\n","protected":false},"author":4,"featured_media":1814,"parent":1143,"menu_order":0,"comment_status":"closed","ping_status":"closed","template":"","meta":{"footnotes":""},"class_list":["post-1487","page","type-page","status-publish","has-post-thumbnail","hentry"],"blocksy_meta":{"styles_descriptor":{"styles":{"desktop":"","tablet":"","mobile":""},"google_fonts":[],"version":6}},"featured_image_urls_v2":{"full":["https:\/\/formacaoemmovimento.org.br\/wp-content\/uploads\/2021\/09\/IDEOLOGIA.png",1920,447,false],"thumbnail":["https:\/\/formacaoemmovimento.org.br\/wp-content\/uploads\/2021\/09\/IDEOLOGIA-150x150.png",150,150,true],"medium":["https:\/\/formacaoemmovimento.org.br\/wp-content\/uploads\/2021\/09\/IDEOLOGIA-300x70.png",300,70,true],"medium_large":["https:\/\/formacaoemmovimento.org.br\/wp-content\/uploads\/2021\/09\/IDEOLOGIA-768x179.png",768,179,true],"large":["https:\/\/formacaoemmovimento.org.br\/wp-content\/uploads\/2021\/09\/IDEOLOGIA-1024x238.png",1024,238,true],"1536x1536":["https:\/\/formacaoemmovimento.org.br\/wp-content\/uploads\/2021\/09\/IDEOLOGIA-1536x358.png",1536,358,true],"2048x2048":["https:\/\/formacaoemmovimento.org.br\/wp-content\/uploads\/2021\/09\/IDEOLOGIA.png",1920,447,false]},"post_excerpt_stackable_v2":"<p>A Escola Nacional Florestan Fernandes, em dedica\u00e7\u00e3o aos processos de forma\u00e7\u00e3o pol\u00edtica ideol\u00f3gica da<br \/>\nmilit\u00e2ncia, realizar\u00e1 entre os dias de 17 de agosto a 12 de outubro 2021 o Curso Introdu\u00e7\u00e3o aos<br \/>\nestudos sobre Ideologia. <\/p>\n","category_list_v2":"","author_info_v2":{"name":"Carol Cruz","url":"https:\/\/formacaoemmovimento.org.br\/?author=4"},"comments_num_v2":"0 coment\u00e1rio","_links":{"self":[{"href":"https:\/\/formacaoemmovimento.org.br\/index.php?rest_route=\/wp\/v2\/pages\/1487","targetHints":{"allow":["GET"]}}],"collection":[{"href":"https:\/\/formacaoemmovimento.org.br\/index.php?rest_route=\/wp\/v2\/pages"}],"about":[{"href":"https:\/\/formacaoemmovimento.org.br\/index.php?rest_route=\/wp\/v2\/types\/page"}],"author":[{"embeddable":true,"href":"https:\/\/formacaoemmovimento.org.br\/index.php?rest_route=\/wp\/v2\/users\/4"}],"replies":[{"embeddable":true,"href":"https:\/\/formacaoemmovimento.org.br\/index.php?rest_route=%2Fwp%2Fv2%2Fcomments&post=1487"}],"version-history":[{"count":15,"href":"https:\/\/formacaoemmovimento.org.br\/index.php?rest_route=\/wp\/v2\/pages\/1487\/revisions"}],"predecessor-version":[{"id":5856,"href":"https:\/\/formacaoemmovimento.org.br\/index.php?rest_route=\/wp\/v2\/pages\/1487\/revisions\/5856"}],"up":[{"embeddable":true,"href":"https:\/\/formacaoemmovimento.org.br\/index.php?rest_route=\/wp\/v2\/pages\/1143"}],"wp:featuredmedia":[{"embeddable":true,"href":"https:\/\/formacaoemmovimento.org.br\/index.php?rest_route=\/wp\/v2\/media\/1814"}],"wp:attachment":[{"href":"https:\/\/formacaoemmovimento.org.br\/index.php?rest_route=%2Fwp%2Fv2%2Fmedia&parent=1487"}],"curies":[{"name":"wp","href":"https:\/\/api.w.org\/{rel}","templated":true}]}}

<p></p>



<div class="alignfull wp-block-ugb-text ugb-text ugb-491e63f ugb-text--design-plain ugb-text--columns-1 ugb-main-block ugb-main-block--inner-center ugb--has-block-background"><style>.ugb-491e63f .ugb-text__title{color:var(--theme-palette-color-1,#d80909);font-family:"Anton",Sans-serif !important;text-align:left}.ugb-491e63f .ugb-text__text p{font-family:"Roboto",Sans-serif !important;font-size:35px !important;font-weight:700 !important;color:#ffffff}.ugb-491e63f .ugb-inner-block{text-align:left}.ugb-491e63f.ugb-text{background-color:var(--theme-palette-color-8,#ffffff)}.ugb-491e63f.ugb-text:before{background-color:var(--theme-palette-color-8,#ffffff)}@media screen and (min-width:768px){.ugb-491e63f.ugb-text{padding-top:0px !important;padding-right:35px !important;padding-bottom:26px !important;padding-left:35px !important}}@media screen and (max-width:768px){.ugb-491e63f .ugb-text__text p{font-size:20px !important}}</style><div class="ugb-inner-block ugb-inner-block--center"><div class="ugb-block-content"><div class="ugb-text__title-wrapper"><h2 class="ugb-text__title">Curso Introdução aos estudos sobre Ideologia</h2></div><div class="ugb-text__text-wrapper"><div class="ugb-text__text"><p class="ugb-text__text-1"></p></div></div></div></div></div>



<div class="wp-block-ugb-expand ugb-expand ugb-103eec9 ugb-expand--v2 ugb-main-block" aria-expanded="false"><div class="ugb-inner-block"><div class="ugb-block-content"><h4 class="ugb-expand__title"><br><br>Apresentação</h4><div class="ugb-expand__less-text"><p><code>Não é preciso dizer que o conceito de ideologia é peça fundamental para a compreensão da teoria social é inaugurada por Marx e Engels. Se houver um leque de categorias fundamentais, a ideologia deve necessariamente ser elencada na lista. Desde os primeiros momentos em que essa inauguração ganhava corpo, a crítica à ideologia comparece na luta de Marx e Engels contra a filosofia do idealismo ou do velho materialismo, cujo principal registro encontra-se em A ideologia alemã, cujo título por si só não nos deixa dúvidas quanto à centralidade da categoria.</code></p></div><div class="ugb-expand__more-text" style="display:none"><p>Em torno dessa categoria, há desmembramentos conhecidos dos leitores iniciados em Marx, como a problemática da falsa consciência, da relação entre ideia e realidade, da noção de verdade, da ciência, da determinação social do conhecimento, da tomada de posição frente às lutas de classes, da função social exercida pelos intelectuais, etc. Uma multiplicidade de relações pode ser estabelecida à exaustão quando a noção de ideologia entra em debate.</p><p>No âmbito das ciências sociais, especialmente as de caráter burguês, a referência ao conceito de ideologia tornou-se improvável, objetivamente impossível de ser realizada. Em particular se tivermos em conta o relativismo em que se embebe grande parte das ciências de tal modelo. Sob a ótica de um relativista, em tese, cada indivíduo singular possui sua verdade pessoal, de acordo com seus valores mais íntimos; não haveria, portanto, ideólogos, vinculados a determinados interesses de classe, que mistificam ou capturam uma verdade objetiva, pertencente à realidade ela mesma, independente do juízo que pessoalmente poderíamos fazer a seu respeito. Por isso, o conceito de ideologia pertence ao terreno habitado por Marx e somente por ele.</p><p>Na tradição marxista, a referência à ideologia atualizou-se à proporção em que a história impunha novas realidades. Vemos em Lukács e Gramsci, por exemplo, uma tentativa de incorporar à categoria alguns elementos que transbordam a fronteira da falsa consciência em estrito senso. Cada um à sua maneira, ambos procuraram conferir à ideologia um conjunto de aspectos que incluem a falsa consciência, mas não apenas. Assim o fazem a partir mesmo de uma leitura fecunda dos textos de Marx, particularmente o prefácio de 1859 à Contribuição à crítica da economia política.</p><p>Ademais, é por meio dos estudos da ideologia que se pode traçar os caminhos percorridos pelo pensamento burguês, desde o momento histórico em que a burguesia iluminista era a classe revolucionária e, portanto, a intelectualidade que se alinhava a ela estava em condições de capturar a verdade processual da história, até o instante em que a burguesia se torna a classe conservadora, o que retira as condições objetivas para que a ideologia produzida em seu seio seja dialética. Trata- se do fenômeno que Lukács descreve como sendo o processo de decadência ideológica da burguesia. Isto é, com a ordem burguesa instaurada, estreitam-se as fronteiras no interior das quais atua a inteligência burguesa, quando as condições históricas da burguesia conservadora não permitem mais que sua ideologia seja processual e verdadeiramente humanista.</p><p>Enfim, é preciso igualmente observar a pertinência de se afirmar o papel exercido pelas ideias no processo revolucionário. Nesse sentido, são valiosas as contribuições de Mészáros no que diz respeito ao poder da ideologia nos conflitos historicamente postos. Consiste em algo a ser destacado para que não se caia no princípio fácil e vulgarizador de que bastaria cruzar os braços e deixar que a história produza as transformações por si só, como convém ao positivismo que invade o marxismo de tempos em tempos. Afirmar a pertinência da ideologia no processo transformador é ao mesmo tempo afirmar o caráter ativo das mulheres e dos homens que tomam os conflitos em mãos, levando-os às últimas consequências.</p><p></p></div><div class="ugb-expand__toggle-wrapper"><a class="ugb-expand__toggle" href="#"><span class="ugb-expand__more-toggle-text">Mostrar mais</span><span class="ugb-expand__less-toggle-text" style="display:none">Mostrar menos</span></a></div></div></div></div>



<div class="wp-block-ugb-blog-posts ugb-blog-posts ugb-2898406 ugb-blog-posts--v2 ugb-blog-posts--design-basic ugb-blog-posts--columns-1 ugb-main-block ugb--has-bottom-separator"><style>.ugb-2898406 .ugb-blog-posts__featured-image{border-radius:4px !important}.ugb-2898406 .ugb-blog-posts__title a{color:var(--theme-palette-color-3,#915656) !important}.ugb-2898406 .ugb-blog-posts__title a:hover{opacity:0.8}.ugb-2898406 .ugb-blog-posts__title{font-family:"Anton",Sans-serif !important;font-size:16px !important;margin-bottom:-50px !important}.ugb-2898406 .ugb-inner-block{text-align:left}.ugb-2898406 .ugb-block-title{font-family:"anton",Sans-serif !important;font-weight:700 !important;color:var(--theme-palette-color-1,#d80909);margin-bottom:29px !important}@media screen and (min-width:768px){.ugb-2898406.ugb-blog-posts{padding-bottom:35px !important}}</style><div class="ugb-bottom-separator"><div class="ugb-separator-wrapper"><svg xmlns="http://www.w3.org/2000/svg" viewbox="0 0 1600 200" filter="url(#straight-1-shadow_svg__a)" enablebackground="new 0 0 1600 200" class="ugb-separator__shadow" preserveaspectratio="none" aria-hidden="true"><filter id="straight-1-shadow_svg__a"><feGaussianBlur in="SourceAlpha" stddeviation="4"></feGaussianBlur><feComponentTransfer><feFuncA type="linear" slope="0.4"></feFuncA></feComponentTransfer><feMerge><feMergeNode></feMergeNode><feMergeNode in="SourceGraphic"></feMergeNode></feMerge></filter><path d="M-10 121.6h1620v-16.4H-10z"></path></svg><svg xmlns="http://www.w3.org/2000/svg" viewbox="0 0 1600 200" class="ugb-separator__layer-1" preserveaspectratio="none" aria-hidden="true"><path d="M-10 210h1620V105.2H-10z"></path></svg></div></div><div class="ugb-inner-block"><h3 class="ugb-block-title">Aulas</h3><div class="ugb-block-content"><article class="ugb-blog-posts__item"><div class="ugb-blog-posts__content"><h3 class="ugb-blog-posts__title"><a href="https://formacaoemmovimento.org.br/?p=1946">Aula 1 | Ideologia em Marx</a></h3></div></article><article class="ugb-blog-posts__item"><div class="ugb-blog-posts__content"><h3 class="ugb-blog-posts__title"><a href="https://formacaoemmovimento.org.br/?p=1954">Aula 2 | Ideologia em Gramsci</a></h3></div></article><article class="ugb-blog-posts__item"><div class="ugb-blog-posts__content"><h3 class="ugb-blog-posts__title"><a href="https://formacaoemmovimento.org.br/?p=1958">Aula 3 | Ideologia em Lukács</a></h3></div></article><article class="ugb-blog-posts__item"><div class="ugb-blog-posts__content"><h3 class="ugb-blog-posts__title"><a href="https://formacaoemmovimento.org.br/?p=1962">Aula 4 | A decadência ideológica da burguesia</a></h3></div></article><article class="ugb-blog-posts__item"><div class="ugb-blog-posts__content"><h3 class="ugb-blog-posts__title"><a href="https://formacaoemmovimento.org.br/?p=1965">Aula 5 | A função da ideologia no processo revolucionário</a></h3></div></article></div></div></div>

<p>A Escola Nacional Florestan Fernandes, em dedicação aos processos de formação política ideológica da<br />
militância, realizará entre os dias de 17 de agosto a 12 de outubro 2021 o Curso Introdução aos<br />
estudos sobre Ideologia. </p>

0 comentário
