{"id":1448,"date":"2021-08-10T16:06:01","date_gmt":"2021-08-10T19:06:01","guid":{"rendered":"https:\/\/formacaoemmovimento.org.br\/?page_id=1448"},"modified":"2025-06-17T16:46:28","modified_gmt":"2025-06-17T19:46:28","slug":"curso-experiencias-historicas-de-reforma-agraria-no-mundo","status":"publish","type":"page","link":"https:\/\/formacaoemmovimento.org.br\/?page_id=1448","title":{"rendered":"Curso Experi\u00eancias Hist\u00f3ricas de Reforma Agr\u00e1ria no Mundo"},"content":{"rendered":"\n<div class=\"alignfull wp-block-ugb-text ugb-text ugb-491e63f ugb-text--design-plain ugb-text--columns-1 ugb-main-block ugb-main-block--inner-center ugb--has-block-background\"><style>.ugb-491e63f .ugb-text__title{color:var(--theme-palette-color-1,#d80909);font-family:\"Anton\",Sans-serif !important;text-align:left}.ugb-491e63f .ugb-text__text p{font-family:\"Roboto\",Sans-serif !important;font-size:35px !important;font-weight:700 !important;color:#ffffff}.ugb-491e63f .ugb-inner-block{text-align:left}.ugb-491e63f.ugb-text{background-color:var(--theme-palette-color-8,#ffffff)}.ugb-491e63f.ugb-text:before{background-color:var(--theme-palette-color-8,#ffffff)}@media screen and (min-width:768px){.ugb-491e63f.ugb-text{padding-top:0px !important;padding-right:35px !important;padding-bottom:26px !important;padding-left:35px !important}}@media screen and (max-width:768px){.ugb-491e63f .ugb-text__text p{font-size:20px !important}}<\/style><div class=\"ugb-inner-block ugb-inner-block--center\"><div class=\"ugb-block-content\"><div class=\"ugb-text__title-wrapper\"><h2 class=\"ugb-text__title\">Curso Experi\u00eancias Hist\u00f3ricas de Reforma Agr\u00e1ria no Mundo<\/h2><\/div><div class=\"ugb-text__text-wrapper\"><div class=\"ugb-text__text\"><p class=\"ugb-text__text-1\"><\/p><\/div><\/div><\/div><\/div><\/div>\n\n\n\n<div class=\"wp-block-ugb-expand ugb-expand ugb-2fb1c34 ugb-expand--v2 ugb-main-block\" aria-expanded=\"false\"><div class=\"ugb-inner-block\"><div class=\"ugb-block-content\"><h4 class=\"ugb-expand__title\">Apresenta\u00e7\u00e3o<\/h4><div class=\"ugb-expand__less-text\"><p>A Escola Nacional Florestan Fernandes (ENFF), convida todos e todas a participar do curso <em><strong>Experi\u00eancias Hist\u00f3ricas de Reforma Agr\u00e1ria no Mundo.<\/strong><\/em><\/p><p>Sendo dirigido a militantes de organiza\u00e7\u00f5es populares do campo e da cidade, assim como a estudantes e pesquisadores do tema agr\u00e1rio no Brasil e na Am\u00e9rica Latina, o curso tem como objetivo dialogar sobre diferentes experi\u00eancias de reforma agr\u00e1ria no mundo &#8211; considerando seus aspectos gerais e suas particularidades hist\u00f3ricas; apresentar os principais conceitos e tipos de reforma agr\u00e1ria e, al\u00e9m disso, situar o debate contempor\u00e2neo da luta por reforma agr\u00e1ria. As experi\u00eancias de reforma agr\u00e1ria em pa\u00edses como da Fran\u00e7a, Estados Unidos, Chile, Coreia, M\u00e9xico, Eti\u00f3pia, Mo\u00e7ambique, China, Cuba, Arg\u00e9lia, Nicar\u00e1gua, Portugal, R\u00fassia e Alemanha, ser\u00e3o contemplados em nossos estudos.<\/p><\/div><div class=\"ugb-expand__more-text\" style=\"display:none\"><p>As aulas ser\u00e3o semanais, no total de 16, ter\u00e1 tradu\u00e7\u00e3o simult\u00e2nea Portugu\u00eas\/Espanhol e ser\u00e1 expedido certifica\u00e7\u00e3o.<\/p><p><strong>Eixos tem\u00e1ticos<\/strong><\/p><p><strong>1. <\/strong>Conceitos e tipos de reforma agr\u00e1ria<\/p><p><strong>2. <\/strong>Reformas Agr\u00e1rias Cl\u00e1ssicas<\/p><p><strong>3.<\/strong> Reformas Agr\u00e1rias Reformistas<\/p><p><strong>4.<\/strong> Reformas Agr\u00e1rias Radicais<\/p><p><strong>5.<\/strong> Reformas Agr\u00e1rias de Libera\u00e7\u00e3o Nacional<\/p><p><strong>6.<\/strong> Reformas Agr\u00e1rias Populares<\/p><p><strong>7. <\/strong>Reformas Agr\u00e1rias Socialistas<\/p><p><strong>8.<\/strong> O debate contempor\u00e2neo sobre a reforma agr\u00e1ria<\/p><p><strong>Refer\u00eancias para os encontros<\/strong><\/p><p><strong>Portugu\u00eas<\/strong><\/p><p>STEDILE, J. P. Experi\u00eancias hist\u00f3ricas de reforma agr\u00e1ria no mundo. (Vol. 1). S\u00e3o Paulo: Express\u00e3o Popular, 2020.<\/p><p>Portugu\u00eas<\/p><p>STEDILE, J. P. Experi\u00eancias hist\u00f3ricas de reforma agr\u00e1ria no mundo. (Vol. 2). S\u00e3o Paulo: Express\u00e3o Popular, 2020.<\/p><p><a rel=\"noreferrer noopener\" href=\"https:\/\/drive.google.com\/file\/d\/1N6aM7CTWdJyJUuyuzJZp9wF9mwJV17X-\/view?usp=sharing\" target=\"_blank\"><\/a><\/p><p><strong>Espanhol<\/strong><\/p><p>STEDILE, J. P. Experi\u00eancias de reforma agraria en el mundo. (Vol. 1). Buenos Aires: Batalla de Ideas, 2020.<\/p><\/div><div class=\"ugb-expand__toggle-wrapper\"><a class=\"ugb-expand__toggle\" href=\"#\"><span class=\"ugb-expand__more-toggle-text\">Mostrar mais<\/span><span class=\"ugb-expand__less-toggle-text\" style=\"display:none\">Mostrar menos<\/span><\/a><\/div><\/div><\/div><\/div>\n\n\n\n<div class=\"wp-block-ugb-blog-posts ugb-blog-posts ugb-2898406 ugb-blog-posts--v2 ugb-blog-posts--design-basic ugb-blog-posts--columns-1 ugb-main-block ugb--has-bottom-separator\"><style>.ugb-2898406 .ugb-blog-posts__featured-image{border-radius:4px !important}.ugb-2898406 .ugb-blog-posts__title a{color:var(--theme-palette-color-3,#915656) !important}.ugb-2898406 .ugb-blog-posts__title a:hover{opacity:0.8}.ugb-2898406 .ugb-blog-posts__title{margin-bottom:-50px !important}.ugb-2898406 .ugb-inner-block{text-align:left}.ugb-2898406 .ugb-block-title{font-family:\"Anton\",Sans-serif !important;font-weight:700 !important;color:var(--theme-palette-color-1,#d80909);margin-bottom:15px !important}@media screen and (min-width:768px){.ugb-2898406.ugb-blog-posts{padding-bottom:35px !important}}<\/style><div class=\"ugb-bottom-separator\"><div class=\"ugb-separator-wrapper\"><svg xmlns=\"http:\/\/www.w3.org\/2000\/svg\" viewbox=\"0 0 1600 200\" filter=\"url(#straight-1-shadow_svg__a)\" enablebackground=\"new 0 0 1600 200\" class=\"ugb-separator__shadow\" preserveaspectratio=\"none\" aria-hidden=\"true\"><filter id=\"straight-1-shadow_svg__a\"><feGaussianBlur in=\"SourceAlpha\" stddeviation=\"4\"><\/feGaussianBlur><feComponentTransfer><feFuncA type=\"linear\" slope=\"0.4\"><\/feFuncA><\/feComponentTransfer><feMerge><feMergeNode><\/feMergeNode><feMergeNode in=\"SourceGraphic\"><\/feMergeNode><\/feMerge><\/filter><path d=\"M-10 121.6h1620v-16.4H-10z\"><\/path><\/svg><svg xmlns=\"http:\/\/www.w3.org\/2000\/svg\" viewbox=\"0 0 1600 200\" class=\"ugb-separator__layer-1\" preserveaspectratio=\"none\" aria-hidden=\"true\"><path d=\"M-10 210h1620V105.2H-10z\"><\/path><\/svg><\/div><\/div><div class=\"ugb-inner-block\"><h3 class=\"ugb-block-title\">Aulas<\/h3><div class=\"ugb-block-content\"><article class=\"ugb-blog-posts__item\"><div class=\"ugb-blog-posts__content\"><h6 class=\"ugb-blog-posts__title\"><a href=\"https:\/\/formacaoemmovimento.org.br\/?p=1454\">Aula 1 | Introdu\u00e7\u00e3o: conceitos e tipos de Reforma Agr\u00e1ria<\/a><\/h6><\/div><\/article><article class=\"ugb-blog-posts__item\"><div class=\"ugb-blog-posts__content\"><h6 class=\"ugb-blog-posts__title\"><a href=\"https:\/\/formacaoemmovimento.org.br\/?p=1474\">Aula 2 | Reformas Agr\u00e1rias Cl\u00e1ssicas I &#8211; Fran\u00e7a<\/a><\/h6><\/div><\/article><article class=\"ugb-blog-posts__item\"><div class=\"ugb-blog-posts__content\"><h6 class=\"ugb-blog-posts__title\"><a href=\"https:\/\/formacaoemmovimento.org.br\/?p=1896\">Aula 3 | Reformas Agr\u00e1rias Cl\u00e1ssisca II: EUA<\/a><\/h6><\/div><\/article><article class=\"ugb-blog-posts__item\"><div class=\"ugb-blog-posts__content\"><h6 class=\"ugb-blog-posts__title\"><a href=\"https:\/\/formacaoemmovimento.org.br\/?p=1911\">Aula 4 | Reformas Agr\u00e1rias Reformistas I: Chile<\/a><\/h6><\/div><\/article><article class=\"ugb-blog-posts__item\"><div class=\"ugb-blog-posts__content\"><h6 class=\"ugb-blog-posts__title\"><a href=\"https:\/\/formacaoemmovimento.org.br\/?p=1917\">Aula 5 | Reformas Agr\u00e1rias Reformistas II: Coreia<\/a><\/h6><\/div><\/article><article class=\"ugb-blog-posts__item\"><div class=\"ugb-blog-posts__content\"><h6 class=\"ugb-blog-posts__title\"><a href=\"https:\/\/formacaoemmovimento.org.br\/?p=1920\">Aula 6 | Reformas Agr\u00e1rias Radicais I: M\u00e9xico<\/a><\/h6><\/div><\/article><article class=\"ugb-blog-posts__item\"><div class=\"ugb-blog-posts__content\"><h6 class=\"ugb-blog-posts__title\"><a href=\"https:\/\/formacaoemmovimento.org.br\/?p=2281\">Aula 7 | Reformas Agr\u00e1rias Populares I: Arg\u00e9lia<\/a><\/h6><\/div><\/article><article class=\"ugb-blog-posts__item\"><div class=\"ugb-blog-posts__content\"><h6 class=\"ugb-blog-posts__title\"><a href=\"https:\/\/formacaoemmovimento.org.br\/?p=2290\">Aula 8 | Reformas Agr\u00e1rias de Libera\u00e7\u00e3o Nacional I: Mo\u00e7ambique<\/a><\/h6><\/div><\/article><article class=\"ugb-blog-posts__item\"><div class=\"ugb-blog-posts__content\"><h6 class=\"ugb-blog-posts__title\"><a href=\"https:\/\/formacaoemmovimento.org.br\/?p=2297\">Aula 9 | Reformas Agr\u00e1rias Populares II: China<\/a><\/h6><\/div><\/article><article class=\"ugb-blog-posts__item\"><div class=\"ugb-blog-posts__content\"><h6 class=\"ugb-blog-posts__title\"><a href=\"https:\/\/formacaoemmovimento.org.br\/?p=2304\">Aula 10 | Reformas Agr\u00e1rias Populares III: Cuba<\/a><\/h6><\/div><\/article><\/div><\/div><\/div>\n\n\n\n<p><\/p>\n","protected":false},"excerpt":{"rendered":"<p>Sendo dirigido a militantes de organiza\u00e7\u00f5es populares do campo e da cidade, assim como a estudantes e pesquisadores do tema agr\u00e1rio no Brasil e na Am\u00e9rica Latina, o curso tem como objetivo dialogar sobre diferentes experi\u00eancias de reforma agr\u00e1ria no mundo.<\/p>\n","protected":false},"author":4,"featured_media":1833,"parent":1143,"menu_order":0,"comment_status":"closed","ping_status":"closed","template":"","meta":{"footnotes":""},"class_list":["post-1448","page","type-page","status-publish","has-post-thumbnail","hentry"],"blocksy_meta":{"styles_descriptor":{"styles":{"desktop":"","tablet":"","mobile":""},"google_fonts":[],"version":6}},"featured_image_urls_v2":{"full":["https:\/\/formacaoemmovimento.org.br\/wp-content\/uploads\/2021\/09\/RA_NO_MUNDO.png",1920,447,false],"thumbnail":["https:\/\/formacaoemmovimento.org.br\/wp-content\/uploads\/2021\/09\/RA_NO_MUNDO-150x150.png",150,150,true],"medium":["https:\/\/formacaoemmovimento.org.br\/wp-content\/uploads\/2021\/09\/RA_NO_MUNDO-300x70.png",300,70,true],"medium_large":["https:\/\/formacaoemmovimento.org.br\/wp-content\/uploads\/2021\/09\/RA_NO_MUNDO-768x179.png",768,179,true],"large":["https:\/\/formacaoemmovimento.org.br\/wp-content\/uploads\/2021\/09\/RA_NO_MUNDO-1024x238.png",1024,238,true],"1536x1536":["https:\/\/formacaoemmovimento.org.br\/wp-content\/uploads\/2021\/09\/RA_NO_MUNDO-1536x358.png",1536,358,true],"2048x2048":["https:\/\/formacaoemmovimento.org.br\/wp-content\/uploads\/2021\/09\/RA_NO_MUNDO.png",1920,447,false]},"post_excerpt_stackable_v2":"<p>Sendo dirigido a militantes de organiza\u00e7\u00f5es populares do campo e da cidade, assim como a estudantes e pesquisadores do tema agr\u00e1rio no Brasil e na Am\u00e9rica Latina, o curso tem como objetivo dialogar sobre diferentes experi\u00eancias de reforma agr\u00e1ria no mundo.<\/p>\n","category_list_v2":"","author_info_v2":{"name":"Carol Cruz","url":"https:\/\/formacaoemmovimento.org.br\/?author=4"},"comments_num_v2":"0 coment\u00e1rio","_links":{"self":[{"href":"https:\/\/formacaoemmovimento.org.br\/index.php?rest_route=\/wp\/v2\/pages\/1448","targetHints":{"allow":["GET"]}}],"collection":[{"href":"https:\/\/formacaoemmovimento.org.br\/index.php?rest_route=\/wp\/v2\/pages"}],"about":[{"href":"https:\/\/formacaoemmovimento.org.br\/index.php?rest_route=\/wp\/v2\/types\/page"}],"author":[{"embeddable":true,"href":"https:\/\/formacaoemmovimento.org.br\/index.php?rest_route=\/wp\/v2\/users\/4"}],"replies":[{"embeddable":true,"href":"https:\/\/formacaoemmovimento.org.br\/index.php?rest_route=%2Fwp%2Fv2%2Fcomments&post=1448"}],"version-history":[{"count":15,"href":"https:\/\/formacaoemmovimento.org.br\/index.php?rest_route=\/wp\/v2\/pages\/1448\/revisions"}],"predecessor-version":[{"id":5217,"href":"https:\/\/formacaoemmovimento.org.br\/index.php?rest_route=\/wp\/v2\/pages\/1448\/revisions\/5217"}],"up":[{"embeddable":true,"href":"https:\/\/formacaoemmovimento.org.br\/index.php?rest_route=\/wp\/v2\/pages\/1143"}],"wp:featuredmedia":[{"embeddable":true,"href":"https:\/\/formacaoemmovimento.org.br\/index.php?rest_route=\/wp\/v2\/media\/1833"}],"wp:attachment":[{"href":"https:\/\/formacaoemmovimento.org.br\/index.php?rest_route=%2Fwp%2Fv2%2Fmedia&parent=1448"}],"curies":[{"name":"wp","href":"https:\/\/api.w.org\/{rel}","templated":true}]}}

Curso Experiências Históricas de Reforma Agrária no Mundo

<div class="alignfull wp-block-ugb-text ugb-text ugb-491e63f ugb-text--design-plain ugb-text--columns-1 ugb-main-block ugb-main-block--inner-center ugb--has-block-background"><style>.ugb-491e63f .ugb-text__title{color:var(--theme-palette-color-1,#d80909);font-family:"Anton",Sans-serif !important;text-align:left}.ugb-491e63f .ugb-text__text p{font-family:"Roboto",Sans-serif !important;font-size:35px !important;font-weight:700 !important;color:#ffffff}.ugb-491e63f .ugb-inner-block{text-align:left}.ugb-491e63f.ugb-text{background-color:var(--theme-palette-color-8,#ffffff)}.ugb-491e63f.ugb-text:before{background-color:var(--theme-palette-color-8,#ffffff)}@media screen and (min-width:768px){.ugb-491e63f.ugb-text{padding-top:0px !important;padding-right:35px !important;padding-bottom:26px !important;padding-left:35px !important}}@media screen and (max-width:768px){.ugb-491e63f .ugb-text__text p{font-size:20px !important}}</style><div class="ugb-inner-block ugb-inner-block--center"><div class="ugb-block-content"><div class="ugb-text__title-wrapper"><h2 class="ugb-text__title">Curso Experiências Históricas de Reforma Agrária no Mundo</h2></div><div class="ugb-text__text-wrapper"><div class="ugb-text__text"><p class="ugb-text__text-1"></p></div></div></div></div></div>



<div class="wp-block-ugb-expand ugb-expand ugb-2fb1c34 ugb-expand--v2 ugb-main-block" aria-expanded="false"><div class="ugb-inner-block"><div class="ugb-block-content"><h4 class="ugb-expand__title">Apresentação</h4><div class="ugb-expand__less-text"><p>A Escola Nacional Florestan Fernandes (ENFF), convida todos e todas a participar do curso <em><strong>Experiências Históricas de Reforma Agrária no Mundo.</strong></em></p><p>Sendo dirigido a militantes de organizações populares do campo e da cidade, assim como a estudantes e pesquisadores do tema agrário no Brasil e na América Latina, o curso tem como objetivo dialogar sobre diferentes experiências de reforma agrária no mundo &#8211; considerando seus aspectos gerais e suas particularidades históricas; apresentar os principais conceitos e tipos de reforma agrária e, além disso, situar o debate contemporâneo da luta por reforma agrária. As experiências de reforma agrária em países como da França, Estados Unidos, Chile, Coreia, México, Etiópia, Moçambique, China, Cuba, Argélia, Nicarágua, Portugal, Rússia e Alemanha, serão contemplados em nossos estudos.</p></div><div class="ugb-expand__more-text" style="display:none"><p>As aulas serão semanais, no total de 16, terá tradução simultânea Português/Espanhol e será expedido certificação.</p><p><strong>Eixos temáticos</strong></p><p><strong>1. </strong>Conceitos e tipos de reforma agrária</p><p><strong>2. </strong>Reformas Agrárias Clássicas</p><p><strong>3.</strong> Reformas Agrárias Reformistas</p><p><strong>4.</strong> Reformas Agrárias Radicais</p><p><strong>5.</strong> Reformas Agrárias de Liberação Nacional</p><p><strong>6.</strong> Reformas Agrárias Populares</p><p><strong>7. </strong>Reformas Agrárias Socialistas</p><p><strong>8.</strong> O debate contemporâneo sobre a reforma agrária</p><p><strong>Referências para os encontros</strong></p><p><strong>Português</strong></p><p>STEDILE, J. P. Experiências históricas de reforma agrária no mundo. (Vol. 1). São Paulo: Expressão Popular, 2020.</p><p>Português</p><p>STEDILE, J. P. Experiências históricas de reforma agrária no mundo. (Vol. 2). São Paulo: Expressão Popular, 2020.</p><p><a rel="noreferrer noopener" href="https://drive.google.com/file/d/1N6aM7CTWdJyJUuyuzJZp9wF9mwJV17X-/view?usp=sharing" target="_blank"></a></p><p><strong>Espanhol</strong></p><p>STEDILE, J. P. Experiências de reforma agraria en el mundo. (Vol. 1). Buenos Aires: Batalla de Ideas, 2020.</p></div><div class="ugb-expand__toggle-wrapper"><a class="ugb-expand__toggle" href="#"><span class="ugb-expand__more-toggle-text">Mostrar mais</span><span class="ugb-expand__less-toggle-text" style="display:none">Mostrar menos</span></a></div></div></div></div>



<div class="wp-block-ugb-blog-posts ugb-blog-posts ugb-2898406 ugb-blog-posts--v2 ugb-blog-posts--design-basic ugb-blog-posts--columns-1 ugb-main-block ugb--has-bottom-separator"><style>.ugb-2898406 .ugb-blog-posts__featured-image{border-radius:4px !important}.ugb-2898406 .ugb-blog-posts__title a{color:var(--theme-palette-color-3,#915656) !important}.ugb-2898406 .ugb-blog-posts__title a:hover{opacity:0.8}.ugb-2898406 .ugb-blog-posts__title{margin-bottom:-50px !important}.ugb-2898406 .ugb-inner-block{text-align:left}.ugb-2898406 .ugb-block-title{font-family:"Anton",Sans-serif !important;font-weight:700 !important;color:var(--theme-palette-color-1,#d80909);margin-bottom:15px !important}@media screen and (min-width:768px){.ugb-2898406.ugb-blog-posts{padding-bottom:35px !important}}</style><div class="ugb-bottom-separator"><div class="ugb-separator-wrapper"><svg xmlns="http://www.w3.org/2000/svg" viewbox="0 0 1600 200" filter="url(#straight-1-shadow_svg__a)" enablebackground="new 0 0 1600 200" class="ugb-separator__shadow" preserveaspectratio="none" aria-hidden="true"><filter id="straight-1-shadow_svg__a"><feGaussianBlur in="SourceAlpha" stddeviation="4"></feGaussianBlur><feComponentTransfer><feFuncA type="linear" slope="0.4"></feFuncA></feComponentTransfer><feMerge><feMergeNode></feMergeNode><feMergeNode in="SourceGraphic"></feMergeNode></feMerge></filter><path d="M-10 121.6h1620v-16.4H-10z"></path></svg><svg xmlns="http://www.w3.org/2000/svg" viewbox="0 0 1600 200" class="ugb-separator__layer-1" preserveaspectratio="none" aria-hidden="true"><path d="M-10 210h1620V105.2H-10z"></path></svg></div></div><div class="ugb-inner-block"><h3 class="ugb-block-title">Aulas</h3><div class="ugb-block-content"><article class="ugb-blog-posts__item"><div class="ugb-blog-posts__content"><h6 class="ugb-blog-posts__title"><a href="https://formacaoemmovimento.org.br/?p=1454">Aula 1 | Introdução: conceitos e tipos de Reforma Agrária</a></h6></div></article><article class="ugb-blog-posts__item"><div class="ugb-blog-posts__content"><h6 class="ugb-blog-posts__title"><a href="https://formacaoemmovimento.org.br/?p=1474">Aula 2 | Reformas Agrárias Clássicas I &#8211; França</a></h6></div></article><article class="ugb-blog-posts__item"><div class="ugb-blog-posts__content"><h6 class="ugb-blog-posts__title"><a href="https://formacaoemmovimento.org.br/?p=1896">Aula 3 | Reformas Agrárias Clássisca II: EUA</a></h6></div></article><article class="ugb-blog-posts__item"><div class="ugb-blog-posts__content"><h6 class="ugb-blog-posts__title"><a href="https://formacaoemmovimento.org.br/?p=1911">Aula 4 | Reformas Agrárias Reformistas I: Chile</a></h6></div></article><article class="ugb-blog-posts__item"><div class="ugb-blog-posts__content"><h6 class="ugb-blog-posts__title"><a href="https://formacaoemmovimento.org.br/?p=1917">Aula 5 | Reformas Agrárias Reformistas II: Coreia</a></h6></div></article><article class="ugb-blog-posts__item"><div class="ugb-blog-posts__content"><h6 class="ugb-blog-posts__title"><a href="https://formacaoemmovimento.org.br/?p=1920">Aula 6 | Reformas Agrárias Radicais I: México</a></h6></div></article><article class="ugb-blog-posts__item"><div class="ugb-blog-posts__content"><h6 class="ugb-blog-posts__title"><a href="https://formacaoemmovimento.org.br/?p=2281">Aula 7 | Reformas Agrárias Populares I: Argélia</a></h6></div></article><article class="ugb-blog-posts__item"><div class="ugb-blog-posts__content"><h6 class="ugb-blog-posts__title"><a href="https://formacaoemmovimento.org.br/?p=2290">Aula 8 | Reformas Agrárias de Liberação Nacional I: Moçambique</a></h6></div></article><article class="ugb-blog-posts__item"><div class="ugb-blog-posts__content"><h6 class="ugb-blog-posts__title"><a href="https://formacaoemmovimento.org.br/?p=2297">Aula 9 | Reformas Agrárias Populares II: China</a></h6></div></article><article class="ugb-blog-posts__item"><div class="ugb-blog-posts__content"><h6 class="ugb-blog-posts__title"><a href="https://formacaoemmovimento.org.br/?p=2304">Aula 10 | Reformas Agrárias Populares III: Cuba</a></h6></div></article></div></div></div>



<p></p>

<p>Sendo dirigido a militantes de organizações populares do campo e da cidade, assim como a estudantes e pesquisadores do tema agrário no Brasil e na América Latina, o curso tem como objetivo dialogar sobre diferentes experiências de reforma agrária no mundo.</p>

0 comentário
